INSERT INTO `vlastnost_majetku` (`id`, `nazov`, `poradie`, `skupina_vlastnosti_majetku_id`, `visibility_type`) VALUES (14, 'Výkon', 150, 1, 1);
/*1*/ ALTER TABLE `vlastnost_majetku`
	CHANGE COLUMN `id` `id` INT(10) UNSIGNED NOT NULL AUTO_INCREMENT FIRST;
/*3*/ INSERT INTO `vlastnost_majetku` (`id`, `nazov`, `poradie`, `skupina_vlastnosti_majetku_id`, `visibility_type`) VALUES (15, 'Typové označenie', 160, 1, 1);
/*4*/ INSERT INTO `vlastnost_majetku` (`id`, `nazov`, `poradie`) VALUES (16, 'Číslo výrobnej série alebo skupiny tlakovej nádoby', 170);
/*5*/ UPDATE `vlastnost_majetku` SET `skupina_vlastnosti_majetku_id`=1, `visibility_type`=1 WHERE  `id`=16;
/*6*/ INSERT INTO `vlastnost_majetku` (`id`, `nazov`, `poradie`, `skupina_vlastnosti_majetku_id`, `visibility_type`) VALUES (17, 'Umiestnenie', 180, 1, 1);
/*7*/ INSERT INTO `vlastnost_majetku` (`id`, `nazov`, `poradie`, `skupina_vlastnosti_majetku_id`, `visibility_type`) VALUES (18, 'Tryska', 190, 1, 1);
/*8*/ INSERT INTO `vlastnost_majetku` (`id`, `nazov`, `poradie`, `skupina_vlastnosti_majetku_id`, `visibility_type`) VALUES (19, 'Tlak v rade', 200, 1, 1);
/*9*/ INSERT INTO `vlastnost_majetku` (`id`, `nazov`, `poradie`, `skupina_vlastnosti_majetku_id`, `visibility_type`) VALUES (20, 'Pretlak', 210, 1, 1);
/*10*/ INSERT INTO `vlastnost_majetku` (`id`, `nazov`, `poradie`, `skupina_vlastnosti_majetku_id`, `visibility_type`) VALUES (21, 'Voda', 220, 1, 1);
/*11*/ INSERT INTO `vlastnost_majetku` (`id`, `nazov`, `poradie`, `skupina_vlastnosti_majetku_id`, `visibility_type`) VALUES (22, 'Rozmer', 230, 1, 1);
/*12*/ INSERT INTO `vlastnost_majetku` (`id`, `nazov`, `poradie`, `skupina_vlastnosti_majetku_id`, `visibility_type`) VALUES (23, 'Trieda a druh', 240, 1, 1);
/*13*/ INSERT INTO `vlastnost_majetku` (`id`) VALUES (24);
/*14*/ UPDATE `vlastnost_majetku` SET `nazov`='Predmet kontroly', `poradie`=250, `skupina_vlastnosti_majetku_id`=1, `visibility_type`=1 WHERE  `id`=24;
/*15*/ INSERT INTO `vlastnost_majetku` (`id`, `nazov`, `poradie`, `skupina_vlastnosti_majetku_id`, `visibility_type`) VALUES (25, 'Dátum kontroly', 260, 1, 1);
/*16*/ INSERT INTO `vlastnost_majetku` (`id`, `nazov`, `poradie`, `skupina_vlastnosti_majetku_id`, `visibility_type`) VALUES (26, 'Majiteľ / prevádzkovateľ', 270, 1, 1);
/*17*/ INSERT INTO `vlastnost_majetku` (`id`, `nazov`, `poradie`, `skupina_vlastnosti_majetku_id`, `visibility_type`) VALUES (27, 'Perioda', 280, 1, 1);
/*18*/ INSERT INTO `vlastnost_majetku` (`id`, `nazov`, `poradie`, `skupina_vlastnosti_majetku_id`, `visibility_type`) VALUES (28, 'VTZ skupiny', 290, 1, 1);
/*19*/ INSERT INTO `vlastnost_majetku` (`id`, `nazov`, `poradie`, `skupina_vlastnosti_majetku_id`, `visibility_type`) VALUES (29, 'Evidenčné číslo', 300, 1, 1);
/*20*/ INSERT INTO `vlastnost_majetku` (`id`, `nazov`, `poradie`, `skupina_vlastnosti_majetku_id`, `visibility_type`) VALUES (30, 'Trieda ochrany', 310, 1, 1);
/*21*/ INSERT INTO `vlastnost_majetku` (`id`, `nazov`, `poradie`, `skupina_vlastnosti_majetku_id`, `visibility_type`) VALUES (31, 'Maximálna nosnosť', 320, 1, 1);
/*22*/ INSERT INTO `vlastnost_majetku` (`id`, `nazov`, `poradie`, `skupina_vlastnosti_majetku_id`, `visibility_type`) VALUES (32, 'Skupina', 330, 1, 1);
/*23*/ INSERT INTO `vlastnost_majetku` (`id`, `nazov`, `poradie`, `skupina_vlastnosti_majetku_id`, `visibility_type`) VALUES (33, 'Pohon', 340, 1, 1);
/*24*/ INSERT INTO `vlastnost_majetku` (`id`, `nazov`, `poradie`, `skupina_vlastnosti_majetku_id`, `visibility_type`, `merna_jednotka_id`) VALUES (34, 'Tlak', 350, 1, 1, 1);
/*25*/ UPDATE `vlastnost_majetku` SET `merna_jednotka_id`=1 WHERE  `id`=19;
/*26*/ UPDATE `vlastnost_majetku` SET `merna_jednotka_id`=1 WHERE  `id`=20;
/*27*/ UPDATE `vlastnost_majetku` SET `merna_jednotka_id`=2 WHERE  `id`=21;
/*28*/ INSERT INTO `vlastnost_majetku` (`id`) VALUES (35);
/*29*/ UPDATE `vlastnost_majetku` SET `merna_jednotka_id`=4 WHERE  `id`=7;
/*30*/ UPDATE `vlastnost_majetku` SET `merna_jednotka_id`=3 WHERE  `id`=14;
/*31*/ UPDATE `vlastnost_majetku` SET `nazov`='Pracovné zaradenie', `poradie`=360, `skupina_vlastnosti_majetku_id`=1, `visibility_type`=1 WHERE  `id`=35;
/*32*/ INSERT INTO `vlastnost_majetku` (`id`, `nazov`, `poradie`, `skupina_vlastnosti_majetku_id`, `visibility_type`) VALUES (36, 'Dátum nástupu do zamestnania', 370, 1, 1);
/*33*/ INSERT INTO `vlastnost_majetku` (`id`, `nazov`, `poradie`, `skupina_vlastnosti_majetku_id`, `visibility_type`) VALUES (37, 'Odborná spôsobilosť', 380, 1, 1);
/*34*/ INSERT INTO `vlastnost_majetku` (`id`, `nazov`, `poradie`, `skupina_vlastnosti_majetku_id`, `visibility_type`) VALUES (38, 'Vstupná lekárska prehliadka', 390, 1, 1);
/*35*/ INSERT INTO `vlastnost_majetku` (`id`, `nazov`, `poradie`, `skupina_vlastnosti_majetku_id`, `visibility_type`) VALUES (39, 'Lekárska prehliadka vo vzťahu k páci', 400, 1, 1);
/*36*/ INSERT INTO `vlastnost_majetku` (`id`, `nazov`, `poradie`, `skupina_vlastnosti_majetku_id`, `visibility_type`) VALUES (40, 'VIN číslo', 410, 1, 1);
/*37*/ INSERT INTO `vlastnost_majetku` (`id`, `nazov`, `poradie`, `skupina_vlastnosti_majetku_id`, `visibility_type`) VALUES (41, 'ŠPZ', 420, 1, 1);
/*38*/ INSERT INTO `vlastnost_majetku` (`id`, `nazov`, `poradie`, `skupina_vlastnosti_majetku_id`, `visibility_type`) VALUES (42, 'Typ paliva', 430, 1, 1);
/*39*/ INSERT INTO `vlastnost_majetku` (`id`, `nazov`, `poradie`, `skupina_vlastnosti_majetku_id`, `visibility_type`) VALUES (43, 'Objem v cm3', 440, 1, 1);
/*40*/ INSERT INTO `vlastnost_majetku` (`id`, `nazov`, `poradie`, `skupina_vlastnosti_majetku_id`, `visibility_type`) VALUES (44, 'STK', 450, 1, 1);
/*41*/ INSERT INTO `vlastnost_majetku` (`id`, `nazov`, `poradie`, `skupina_vlastnosti_majetku_id`, `visibility_type`) VALUES (45, 'EK', 450, 1, 1);
/*42*/ UPDATE `vlastnost_majetku` SET `poradie`=460 WHERE  `id`=45;
/*43*/ INSERT INTO `vlastnost_majetku` (`id`, `nazov`, `poradie`, `skupina_vlastnosti_majetku_id`, `visibility_type`) VALUES (46, 'Výška', 470, 1, 1);
/*44*/ INSERT INTO `vlastnost_majetku` (`id`, `nazov`, `poradie`, `skupina_vlastnosti_majetku_id`, `visibility_type`) VALUES (47, 'Priemer', 480, 1, 1);
/*45*/ INSERT INTO `vlastnost_majetku` (`id`, `nazov`, `poradie`, `skupina_vlastnosti_majetku_id`, `visibility_type`) VALUES (48, 'Druh', 490, 1, 1);
/*46*/ INSERT INTO `vlastnost_majetku` (`id`, `nazov`, `poradie`, `skupina_vlastnosti_majetku_id`, `visibility_type`) VALUES (49, 'Typ', 500, 1, 1);
/*47*/ INSERT INTO `vlastnost_majetku` (`id`, `nazov`, `poradie`, `skupina_vlastnosti_majetku_id`, `visibility_type`) VALUES (50, 'Chránený objekt', 510, 1, 1);
/*48*/ INSERT INTO `vlastnost_majetku` (`id`, `nazov`, `poradie`, `skupina_vlastnosti_majetku_id`, `visibility_type`) VALUES (51, 'Ročná kontrola', 520, 1, 1);
/*49*/ DELETE FROM `vlastnost_majetku` WHERE  `id`=49;

CREATE TABLE `typ_zariadenia` (
  `id` int(10) unsigned NOT NULL AUTO_INCREMENT,
  `nazov` varchar(255) DEFAULT NULL,
  `code` varchar(255) DEFAULT NULL,
  PRIMARY KEY (`id`)
) ENGINE=InnoDB AUTO_INCREMENT=17 DEFAULT CHARSET=utf8;

/*1*/ ALTER TABLE `majetok`
	ADD COLUMN `typ_zariadenia_id` INT(10) UNSIGNED NULL AFTER `visibility_type`;
/*2*/ ALTER TABLE `typ_zariadenia`
	CHANGE COLUMN `id` `id` INT(10) UNSIGNED NOT NULL AUTO_INCREMENT FIRST;
/*3*/ ALTER TABLE `majetok`
	ADD CONSTRAINT `FK_majetok_typ_zariadenia` FOREIGN KEY (`typ_zariadenia_id`) REFERENCES `typ_zariadenia` (`id`) ON UPDATE NO ACTION ON DELETE NO ACTION;
/*4*/ ALTER TABLE `majetok`
	ADD CONSTRAINT `FK_majetok_typ_majetku` FOREIGN KEY (`typ_majetku_id`) REFERENCES `typ_majetku` (`id`) ON UPDATE NO ACTION ON DELETE NO ACTION;
/*5*/ INSERT INTO `form_element` (`id`, `form_group_id`, `form_element_type_id`, `db_table`, `db_column`, `db_multi_table`, `column_title`, `position`, `direct_to_db`, `css_class`, `direct_multi_label`, `add_empty_option`) VALUES (36004, 36000, 5, 'majetok', 'typ_zariadenia_id', 'typ_zariadenia', 'Typ zariadenia', 50, 1, 'select2', 1, 1);
/*6*/ UPDATE `form_element` SET `css_class`='select2' WHERE  `id`=26225;

/*7*/ INSERT INTO `typ_zariadenia` (`id`, `nazov`, `code`) VALUES (1, 'Stroj', 'stroj');
/*8*/ INSERT INTO `typ_zariadenia` (`id`, `nazov`, `code`) VALUES (2, 'Hasiaci prístroj', 'hasiaci_pristroj');
/*9*/ INSERT INTO `typ_zariadenia` (`id`, `nazov`, `code`) VALUES (3, 'Hydrant', 'hydrant');
/*10*/ INSERT INTO `typ_zariadenia` (`id`, `nazov`, `code`) VALUES (4, 'Požiarna klapka', 'poziadna_klapka');
/*11*/ INSERT INTO `typ_zariadenia` (`id`, `nazov`, `code`) VALUES (5, 'Motorový vozík (VZV)', 'vzv');
/*12*/ INSERT INTO `typ_zariadenia` (`id`, `nazov`, `code`) VALUES (6, 'Elektrické zariadenie', 'elektricke_zariadenie');
/*13*/ INSERT INTO `typ_zariadenia` (`id`, `nazov`, `code`) VALUES (7, 'Elektrické ručné náradenie', 'elektricke_urcne_naradie');
/*14*/ INSERT INTO `typ_zariadenia` (`id`, `nazov`, `code`) VALUES (8, 'Elektrický spotrebič', 'elektricky_spotrebic');
/*15*/ INSERT INTO `typ_zariadenia` (`id`, `nazov`, `code`) VALUES (9, 'Zdvíhacie zariadenie', 'zdvihacie_zariadenie');
/*16*/ INSERT INTO `typ_zariadenia` (`id`, `nazov`, `code`) VALUES (10, 'Tlakové zariadenie', 'tlakove_zariadenie');
/*17*/ INSERT INTO `typ_zariadenia` (`id`, `nazov`, `code`) VALUES (11, 'Plynové zariadenie', 'plynove_zariadenie');
/*18*/ INSERT INTO `typ_zariadenia` (`id`, `nazov`, `code`) VALUES (12, 'Zamestnanec', 'zamestnanec');
/*19*/ INSERT INTO `typ_zariadenia` (`id`, `nazov`, `code`) VALUES (13, 'Automobil', 'automobil');
/*20*/ INSERT INTO `typ_zariadenia` (`id`, `nazov`, `code`) VALUES (14, 'Komín', 'komin');
/*21*/ INSERT INTO `typ_zariadenia` (`id`, `nazov`, `code`) VALUES (15, 'Stabilné hasiace zariadenie', 'stabilne_hasiace_zariadenie');
/*22*/ INSERT INTO `typ_zariadenia` (`id`, `nazov`, `code`) VALUES (16, 'Elektrická požiarna signalizácia', 'elektronicka_poziarna_signalizacia');
/*23*/ UPDATE `form_element` SET `db_column`='majetok_id' WHERE  `id`=36003;

CREATE TABLE `typ_zariadenia_vlastnost_majetku` (
  `typ_zariadenia_id` int(10) UNSIGNED NOT NULL,
  `vlastnost_majetku_id` int(10) UNSIGNED NOT NULL,
  PRIMARY KEY (`typ_zariadenia_id`,`vlastnost_majetku_id`),
  KEY `fk_typ_zariadenia_idx` (`typ_zariadenia_id`),
  KEY `fk_vlastnost_majetku_idx` (`vlastnost_majetku_id`)
) ENGINE=InnoDB DEFAULT CHARSET=utf8;

/*27*/ ALTER TABLE `typ_zariadenia_vlastnost_majetku`
	ADD CONSTRAINT `FK_typ_zariadenia_vlastnost_majetku_typ_zariadenia` FOREIGN KEY (`typ_zariadenia_id`) REFERENCES `typ_zariadenia` (`id`) ON UPDATE NO ACTION ON DELETE NO ACTION,
	ADD CONSTRAINT `FK_typ_zariadenia_vlastnost_majetku_vlastnost_majetku` FOREIGN KEY (`vlastnost_majetku_id`) REFERENCES `vlastnost_majetku` (`id`) ON UPDATE NO ACTION ON DELETE NO ACTION;
/*28*/ INSERT INTO `typ_zariadenia_vlastnost_majetku` (`typ_zariadenia_id`, `vlastnost_majetku_id`) VALUES (1, 3);
/*29*/ INSERT INTO `typ_zariadenia_vlastnost_majetku` (`typ_zariadenia_id`, `vlastnost_majetku_id`) VALUES (1, 2);
/*30*/ INSERT INTO `typ_zariadenia_vlastnost_majetku` (`typ_zariadenia_id`, `vlastnost_majetku_id`) VALUES (1, 1);
/*31*/ INSERT INTO `typ_zariadenia_vlastnost_majetku` (`typ_zariadenia_id`, `vlastnost_majetku_id`) VALUES (1, 14);
/*32*/ INSERT INTO `typ_zariadenia_vlastnost_majetku` (`typ_zariadenia_id`, `vlastnost_majetku_id`) VALUES (2, 1);
/*33*/ INSERT INTO `typ_zariadenia_vlastnost_majetku` (`typ_zariadenia_id`, `vlastnost_majetku_id`) VALUES (2, 2);
/*34*/ INSERT INTO `typ_zariadenia_vlastnost_majetku` (`typ_zariadenia_id`, `vlastnost_majetku_id`) VALUES (2, 15);
/*35*/ INSERT INTO `typ_zariadenia_vlastnost_majetku` (`typ_zariadenia_id`, `vlastnost_majetku_id`) VALUES (2, 16);
/*36*/ INSERT INTO `typ_zariadenia_vlastnost_majetku` (`typ_zariadenia_id`, `vlastnost_majetku_id`) VALUES (3, 6);
/*37*/ INSERT INTO `typ_zariadenia_vlastnost_majetku` (`typ_zariadenia_id`, `vlastnost_majetku_id`) VALUES (3, 1);
/*38*/ INSERT INTO `merna_jednotka` (`id`, `nazov`, `code`) VALUES (1, 'Mpa', 'mpa');
/*39*/ INSERT INTO `merna_jednotka` (`id`, `nazov`, `code`) VALUES (2, 'l/s', 'ls');
/*40*/ INSERT INTO `merna_jednotka` (`id`, `nazov`, `code`) VALUES (3, 'kW', 'kw');
/*41*/ INSERT INTO `merna_jednotka` (`id`, `nazov`, `code`) VALUES (4, 'l', 'l');
/*42*/ INSERT INTO `typ_zariadenia_vlastnost_majetku` (`typ_zariadenia_id`, `vlastnost_majetku_id`) VALUES (3, 19);
/*43*/ INSERT INTO `typ_zariadenia_vlastnost_majetku` (`typ_zariadenia_id`, `vlastnost_majetku_id`) VALUES (3, 20);
/*44*/ INSERT INTO `typ_zariadenia_vlastnost_majetku` (`typ_zariadenia_id`, `vlastnost_majetku_id`) VALUES (3, 21);
/*45*/ INSERT INTO `typ_zariadenia_vlastnost_majetku` (`typ_zariadenia_id`, `vlastnost_majetku_id`) VALUES (4, 6);
/*46*/ INSERT INTO `typ_zariadenia_vlastnost_majetku` (`typ_zariadenia_id`, `vlastnost_majetku_id`) VALUES (4, 1);
/*47*/ INSERT INTO `typ_zariadenia_vlastnost_majetku` (`typ_zariadenia_id`, `vlastnost_majetku_id`) VALUES (4, 17);
/*48*/ INSERT INTO `typ_zariadenia_vlastnost_majetku` (`typ_zariadenia_id`, `vlastnost_majetku_id`) VALUES (4, 3);
/*49*/ INSERT INTO `typ_zariadenia_vlastnost_majetku` (`typ_zariadenia_id`, `vlastnost_majetku_id`) VALUES (4, 2);
/*50*/ INSERT INTO `typ_zariadenia_vlastnost_majetku` (`typ_zariadenia_id`, `vlastnost_majetku_id`) VALUES (4, 22);
/*51*/ INSERT INTO `typ_zariadenia_vlastnost_majetku` (`typ_zariadenia_id`, `vlastnost_majetku_id`) VALUES (5, 6);
/*52*/ INSERT INTO `typ_zariadenia_vlastnost_majetku` (`typ_zariadenia_id`, `vlastnost_majetku_id`) VALUES (5, 3);
/*53*/ INSERT INTO `typ_zariadenia_vlastnost_majetku` (`typ_zariadenia_id`, `vlastnost_majetku_id`) VALUES (5, 2);
/*54*/ INSERT INTO `typ_zariadenia_vlastnost_majetku` (`typ_zariadenia_id`, `vlastnost_majetku_id`) VALUES (5, 1);
/*55*/ INSERT INTO `typ_zariadenia_vlastnost_majetku` (`typ_zariadenia_id`, `vlastnost_majetku_id`) VALUES (5, 23);
/*56*/ INSERT INTO `typ_zariadenia_vlastnost_majetku` (`typ_zariadenia_id`, `vlastnost_majetku_id`) VALUES (5, 42);
/*57*/ INSERT INTO `typ_zariadenia_vlastnost_majetku` (`typ_zariadenia_id`, `vlastnost_majetku_id`) VALUES (6, 24);
/*58*/ INSERT INTO `typ_zariadenia_vlastnost_majetku` (`typ_zariadenia_id`, `vlastnost_majetku_id`) VALUES (6, 25);
/*59*/ INSERT INTO `typ_zariadenia_vlastnost_majetku` (`typ_zariadenia_id`, `vlastnost_majetku_id`) VALUES (6, 26);
/*60*/ INSERT INTO `typ_zariadenia_vlastnost_majetku` (`typ_zariadenia_id`, `vlastnost_majetku_id`) VALUES (6, 27);
/*61*/ INSERT INTO `typ_zariadenia_vlastnost_majetku` (`typ_zariadenia_id`, `vlastnost_majetku_id`) VALUES (6, 28);
/*62*/ INSERT INTO `typ_zariadenia_vlastnost_majetku` (`typ_zariadenia_id`, `vlastnost_majetku_id`) VALUES (7, 3);
/*63*/ INSERT INTO `typ_zariadenia_vlastnost_majetku` (`typ_zariadenia_id`, `vlastnost_majetku_id`) VALUES (7, 29);
/*64*/ INSERT INTO `typ_zariadenia_vlastnost_majetku` (`typ_zariadenia_id`, `vlastnost_majetku_id`) VALUES (7, 2);
/*65*/ INSERT INTO `typ_zariadenia_vlastnost_majetku` (`typ_zariadenia_id`, `vlastnost_majetku_id`) VALUES (7, 30);
/*66*/ INSERT INTO `typ_zariadenia_vlastnost_majetku` (`typ_zariadenia_id`, `vlastnost_majetku_id`) VALUES (7, 32);
/*67*/ INSERT INTO `typ_zariadenia_vlastnost_majetku` (`typ_zariadenia_id`, `vlastnost_majetku_id`) VALUES (7, 17);
/*68*/ INSERT INTO `typ_zariadenia_vlastnost_majetku` (`typ_zariadenia_id`, `vlastnost_majetku_id`) VALUES (7, 26);
/*69*/ INSERT INTO `typ_zariadenia_vlastnost_majetku` (`typ_zariadenia_id`, `vlastnost_majetku_id`) VALUES (8, 3);
/*70*/ INSERT INTO `typ_zariadenia_vlastnost_majetku` (`typ_zariadenia_id`, `vlastnost_majetku_id`) VALUES (8, 29);
/*71*/ INSERT INTO `typ_zariadenia_vlastnost_majetku` (`typ_zariadenia_id`, `vlastnost_majetku_id`) VALUES (8, 2);
/*72*/ INSERT INTO `typ_zariadenia_vlastnost_majetku` (`typ_zariadenia_id`, `vlastnost_majetku_id`) VALUES (8, 32);
/*73*/ INSERT INTO `typ_zariadenia_vlastnost_majetku` (`typ_zariadenia_id`, `vlastnost_majetku_id`) VALUES (8, 17);
/*74*/ INSERT INTO `typ_zariadenia_vlastnost_majetku` (`typ_zariadenia_id`, `vlastnost_majetku_id`) VALUES (8, 26);
/*75*/ INSERT INTO `typ_zariadenia_vlastnost_majetku` (`typ_zariadenia_id`, `vlastnost_majetku_id`) VALUES (9, 1);
/*76*/ INSERT INTO `typ_zariadenia_vlastnost_majetku` (`typ_zariadenia_id`, `vlastnost_majetku_id`) VALUES (9, 3);
/*77*/ INSERT INTO `typ_zariadenia_vlastnost_majetku` (`typ_zariadenia_id`, `vlastnost_majetku_id`) VALUES (9, 2);
/*78*/ INSERT INTO `typ_zariadenia_vlastnost_majetku` (`typ_zariadenia_id`, `vlastnost_majetku_id`) VALUES (9, 31);
/*79*/ INSERT INTO `typ_zariadenia_vlastnost_majetku` (`typ_zariadenia_id`, `vlastnost_majetku_id`) VALUES (9, 28);
/*80*/ INSERT INTO `typ_zariadenia_vlastnost_majetku` (`typ_zariadenia_id`, `vlastnost_majetku_id`) VALUES (9, 33);
/*81*/ INSERT INTO `typ_zariadenia_vlastnost_majetku` (`typ_zariadenia_id`, `vlastnost_majetku_id`) VALUES (9, 17);
/*82*/ INSERT INTO `typ_zariadenia_vlastnost_majetku` (`typ_zariadenia_id`, `vlastnost_majetku_id`) VALUES (10, 3);
/*83*/ INSERT INTO `typ_zariadenia_vlastnost_majetku` (`typ_zariadenia_id`, `vlastnost_majetku_id`) VALUES (10, 1);
/*84*/ INSERT INTO `typ_zariadenia_vlastnost_majetku` (`typ_zariadenia_id`, `vlastnost_majetku_id`) VALUES (10, 7);
/*85*/ INSERT INTO `typ_zariadenia_vlastnost_majetku` (`typ_zariadenia_id`, `vlastnost_majetku_id`) VALUES (10, 34);
/*86*/ INSERT INTO `typ_zariadenia_vlastnost_majetku` (`typ_zariadenia_id`, `vlastnost_majetku_id`) VALUES (10, 28);
/*87*/ INSERT INTO `typ_zariadenia_vlastnost_majetku` (`typ_zariadenia_id`, `vlastnost_majetku_id`) VALUES (10, 17);
/*88*/ INSERT INTO `typ_zariadenia_vlastnost_majetku` (`typ_zariadenia_id`, `vlastnost_majetku_id`) VALUES (10, 2);
/*89*/ INSERT INTO `typ_zariadenia_vlastnost_majetku` (`typ_zariadenia_id`, `vlastnost_majetku_id`) VALUES (11, 6);
/*90*/ UPDATE `typ_zariadenia_vlastnost_majetku` SET `vlastnost_majetku_id`=3 WHERE  `typ_zariadenia_id`=11 AND `vlastnost_majetku_id`=6;
/*91*/ INSERT INTO `typ_zariadenia_vlastnost_majetku` (`typ_zariadenia_id`, `vlastnost_majetku_id`) VALUES (11, 1);
/*92*/ INSERT INTO `typ_zariadenia_vlastnost_majetku` (`typ_zariadenia_id`, `vlastnost_majetku_id`) VALUES (11, 14);
/*93*/ INSERT INTO `typ_zariadenia_vlastnost_majetku` (`typ_zariadenia_id`, `vlastnost_majetku_id`) VALUES (11, 28);
/*94*/ INSERT INTO `typ_zariadenia_vlastnost_majetku` (`typ_zariadenia_id`, `vlastnost_majetku_id`) VALUES (11, 17);
/*95*/ INSERT INTO `typ_zariadenia_vlastnost_majetku` (`typ_zariadenia_id`, `vlastnost_majetku_id`) VALUES (11, 2);
/*96*/ INSERT INTO `typ_zariadenia_vlastnost_majetku` (`typ_zariadenia_id`, `vlastnost_majetku_id`) VALUES (12, 35);
/*97*/ INSERT INTO `typ_zariadenia_vlastnost_majetku` (`typ_zariadenia_id`, `vlastnost_majetku_id`) VALUES (12, 36);
/*98*/ INSERT INTO `typ_zariadenia_vlastnost_majetku` (`typ_zariadenia_id`, `vlastnost_majetku_id`) VALUES (12, 27);
/*99*/ INSERT INTO `typ_zariadenia_vlastnost_majetku` (`typ_zariadenia_id`, `vlastnost_majetku_id`) VALUES (12, 38);
/*100*/ UPDATE `typ_zariadenia_vlastnost_majetku` SET `vlastnost_majetku_id`=37 WHERE  `typ_zariadenia_id`=12 AND `vlastnost_majetku_id`=27;
/*101*/ INSERT INTO `typ_zariadenia_vlastnost_majetku` (`typ_zariadenia_id`, `vlastnost_majetku_id`) VALUES (12, 39);
/*102*/ INSERT INTO `typ_zariadenia_vlastnost_majetku` (`typ_zariadenia_id`, `vlastnost_majetku_id`) VALUES (13, 40);
/*103*/ INSERT INTO `typ_zariadenia_vlastnost_majetku` (`typ_zariadenia_id`, `vlastnost_majetku_id`) VALUES (13, 41);
/*104*/ INSERT INTO `typ_zariadenia_vlastnost_majetku` (`typ_zariadenia_id`, `vlastnost_majetku_id`) VALUES (13, 42);
/*105*/ INSERT INTO `typ_zariadenia_vlastnost_majetku` (`typ_zariadenia_id`, `vlastnost_majetku_id`) VALUES (13, 43);
/*106*/ INSERT INTO `typ_zariadenia_vlastnost_majetku` (`typ_zariadenia_id`, `vlastnost_majetku_id`) VALUES (13, 44);
/*107*/ INSERT INTO `typ_zariadenia_vlastnost_majetku` (`typ_zariadenia_id`, `vlastnost_majetku_id`) VALUES (13, 45);
/*108*/ INSERT INTO `typ_zariadenia_vlastnost_majetku` (`typ_zariadenia_id`, `vlastnost_majetku_id`) VALUES (14, 46);
/*109*/ INSERT INTO `typ_zariadenia_vlastnost_majetku` (`typ_zariadenia_id`, `vlastnost_majetku_id`) VALUES (14, 47);
/*110*/ INSERT INTO `typ_zariadenia_vlastnost_majetku` (`typ_zariadenia_id`, `vlastnost_majetku_id`) VALUES (14, 48);
/*111*/ INSERT INTO `typ_zariadenia_vlastnost_majetku` (`typ_zariadenia_id`, `vlastnost_majetku_id`) VALUES (15, 6);
/*112*/ INSERT INTO `typ_zariadenia_vlastnost_majetku` (`typ_zariadenia_id`, `vlastnost_majetku_id`) VALUES (15, 1);
/*113*/ INSERT INTO `typ_zariadenia_vlastnost_majetku` (`typ_zariadenia_id`, `vlastnost_majetku_id`) VALUES (15, 2);
/*114*/ INSERT INTO `typ_zariadenia_vlastnost_majetku` (`typ_zariadenia_id`, `vlastnost_majetku_id`) VALUES (15, 50);
/*115*/ INSERT INTO `typ_zariadenia_vlastnost_majetku` (`typ_zariadenia_id`, `vlastnost_majetku_id`) VALUES (15, 51);
/*116*/ INSERT INTO `typ_zariadenia_vlastnost_majetku` (`typ_zariadenia_id`, `vlastnost_majetku_id`) VALUES (16, 6);
/*117*/ INSERT INTO `typ_zariadenia_vlastnost_majetku` (`typ_zariadenia_id`, `vlastnost_majetku_id`) VALUES (16, 1);
/*118*/ INSERT INTO `typ_zariadenia_vlastnost_majetku` (`typ_zariadenia_id`, `vlastnost_majetku_id`) VALUES (16, 2);
/*119*/ INSERT INTO `typ_zariadenia_vlastnost_majetku` (`typ_zariadenia_id`, `vlastnost_majetku_id`) VALUES (16, 50);
/*120*/ INSERT INTO `typ_zariadenia_vlastnost_majetku` (`typ_zariadenia_id`, `vlastnost_majetku_id`) VALUES (16, 51);