/*1*/ INSERT INTO `vlastnost_majetku` (`id`, `nazov`, `poradie`, `skupina_vlastnosti_majetku_id`, `visibility_type`) VALUES (51, 'Pripojený spotrebič', 520, 1, 1);
/*2*/ INSERT INTO `vlastnost_majetku` (`id`, `nazov`, `poradie`, `skupina_vlastnosti_majetku_id`, `visibility_type`) VALUES (52, 'Dĺžka', 530, 1, 1);
/*3*/ INSERT INTO `vlastnost_majetku` (`id`, `nazov`, `poradie`, `skupina_vlastnosti_majetku_id`, `visibility_type`) VALUES (53, 'Počet priečok', 540, 1, 1);
/*4*/ INSERT INTO `vlastnost_majetku` (`id`, `nazov`, `poradie`, `skupina_vlastnosti_majetku_id`, `visibility_type`) VALUES (54, 'Počet dielov', 550, 1, 1);
/*5*/ INSERT INTO `vlastnost_majetku` (`id`, `nazov`, `poradie`, `skupina_vlastnosti_majetku_id`, `visibility_type`) VALUES (55, 'Materiál', 560, 1, 1);
/*6*/ INSERT INTO `merna_jednotka` (`id`, `nazov`, `code`) VALUES (5, 'kg', 'kg');
/*7*/ INSERT INTO `vlastnost_majetku` (`id`, `nazov`, `poradie`, `skupina_vlastnosti_majetku_id`, `visibility_type`, `merna_jednotka_id`) VALUES (56, 'Nosnosť bunky', 570, 1, 1, 5);
/*8*/ INSERT INTO `vlastnost_majetku` (`id`, `nazov`, `poradie`, `skupina_vlastnosti_majetku_id`, `visibility_type`) VALUES (57, 'Počet buniek v stĺpci', 580, 1, 1);
/*9*/ INSERT INTO `vlastnost_majetku` (`id`, `nazov`, `poradie`, `skupina_vlastnosti_majetku_id`, `visibility_type`, `merna_jednotka_id`) VALUES (58, 'Nosnosť stĺpca', 590, 1, 1, 5);

/*2*/ UPDATE `typ_zariadenia_vlastnost_majetku` SET `vlastnost_majetku_id`=18 WHERE  `typ_zariadenia_id`=3 AND `vlastnost_majetku_id`=1;
/*3*/ DELETE FROM `typ_zariadenia_vlastnost_majetku` WHERE  `typ_zariadenia_id`=3 AND `vlastnost_majetku_id`=19;
/*4*/ DELETE FROM `typ_zariadenia_vlastnost_majetku` WHERE  `typ_zariadenia_id`=3 AND `vlastnost_majetku_id`=20;
/*5*/ DELETE FROM `typ_zariadenia_vlastnost_majetku` WHERE  `typ_zariadenia_id`=3 AND `vlastnost_majetku_id`=21;
/*6*/ UPDATE `typ_zariadenia` SET `nazov`='Požiarny uzáver', `code`='poziarny_uzaver' WHERE  `id`=4;
/*7*/ DELETE FROM `typ_zariadenia_vlastnost_majetku` WHERE  `typ_zariadenia_id`=4 AND `vlastnost_majetku_id`=17;
/*8*/ DELETE FROM `typ_zariadenia_vlastnost_majetku` WHERE  `typ_zariadenia_id`=4 AND `vlastnost_majetku_id`=22;
/*9*/ DELETE FROM `typ_zariadenia_vlastnost_majetku` WHERE  `typ_zariadenia_id`=6 AND `vlastnost_majetku_id`=24;
/*10*/ DELETE FROM `typ_zariadenia_vlastnost_majetku` WHERE  `typ_zariadenia_id`=6 AND `vlastnost_majetku_id`=25;
/*11*/ DELETE FROM `typ_zariadenia_vlastnost_majetku` WHERE  `typ_zariadenia_id`=6 AND `vlastnost_majetku_id`=26;
/*12*/ INSERT INTO `typ_zariadenia_vlastnost_majetku` (`typ_zariadenia_id`, `vlastnost_majetku_id`) VALUES (7, 1);
/*13*/ DELETE FROM `typ_zariadenia_vlastnost_majetku` WHERE  `typ_zariadenia_id`=7 AND `vlastnost_majetku_id`=26;
/*14*/ DELETE FROM `typ_zariadenia_vlastnost_majetku` WHERE  `typ_zariadenia_id`=7 AND `vlastnost_majetku_id`=29;
/*15*/ INSERT INTO `typ_zariadenia_vlastnost_majetku` (`typ_zariadenia_id`, `vlastnost_majetku_id`) VALUES (8, 1);
/*16*/ DELETE FROM `typ_zariadenia_vlastnost_majetku` WHERE  `typ_zariadenia_id`=8 AND `vlastnost_majetku_id`=26;
/*17*/ DELETE FROM `typ_zariadenia_vlastnost_majetku` WHERE  `typ_zariadenia_id`=8 AND `vlastnost_majetku_id`=29;
/*18*/ INSERT INTO `typ_zariadenia_vlastnost_majetku` (`typ_zariadenia_id`, `vlastnost_majetku_id`) VALUES (8, 30);
/*19*/ DELETE FROM `typ_zariadenia_vlastnost_majetku` WHERE  `typ_zariadenia_id`=9 AND `vlastnost_majetku_id`=17;
/*20*/ DELETE FROM `typ_zariadenia_vlastnost_majetku` WHERE  `typ_zariadenia_id`=9 AND `vlastnost_majetku_id`=31;
/*21*/ DELETE FROM `typ_zariadenia_vlastnost_majetku` WHERE  `typ_zariadenia_id`=10 AND `vlastnost_majetku_id`=2;
/*22*/ INSERT INTO `typ_zariadenia_vlastnost_majetku` (`typ_zariadenia_id`, `vlastnost_majetku_id`) VALUES (10, 2);
/*23*/ DELETE FROM `typ_zariadenia_vlastnost_majetku` WHERE  `typ_zariadenia_id`=11 AND `vlastnost_majetku_id`=17;
/*24*/ DELETE FROM `typ_zariadenia_vlastnost_majetku` WHERE  `typ_zariadenia_id`=12 AND `vlastnost_majetku_id`=38;
/*25*/ DELETE FROM `typ_zariadenia_vlastnost_majetku` WHERE  `typ_zariadenia_id`=12 AND `vlastnost_majetku_id`=39;
/*26*/ DELETE FROM `typ_zariadenia_vlastnost_majetku` WHERE  `typ_zariadenia_id`=13 AND `vlastnost_majetku_id`=44;
/*27*/ DELETE FROM `typ_zariadenia_vlastnost_majetku` WHERE  `typ_zariadenia_id`=13 AND `vlastnost_majetku_id`=45;
/*28*/ INSERT INTO `typ_zariadenia_vlastnost_majetku` (`typ_zariadenia_id`, `vlastnost_majetku_id`) VALUES (14, 51);
/*29*/ INSERT INTO `typ_zariadenia` (`id`, `nazov`, `code`) VALUES (17, 'Zariadenie na odvod dymu a tepla', 'zariadenie_na_odvod_dymu_a_tepla');
/*30*/ INSERT INTO `typ_zariadenia` (`id`, `nazov`, `code`) VALUES (18, 'Rebrík', 'rebrik');
/*31*/ INSERT INTO `typ_zariadenia` (`id`, `nazov`, `code`) VALUES (19, 'Regál', 'regal');
/*32*/ INSERT INTO `typ_zariadenia_vlastnost_majetku` (`typ_zariadenia_id`, `vlastnost_majetku_id`) VALUES (17, 6);
/*33*/ INSERT INTO `typ_zariadenia_vlastnost_majetku` (`typ_zariadenia_id`, `vlastnost_majetku_id`) VALUES (17, 1);
/*34*/ INSERT INTO `typ_zariadenia_vlastnost_majetku` (`typ_zariadenia_id`, `vlastnost_majetku_id`) VALUES (17, 2);
/*35*/ INSERT INTO `typ_zariadenia_vlastnost_majetku` (`typ_zariadenia_id`, `vlastnost_majetku_id`) VALUES (17, 50);
/*36*/ INSERT INTO `typ_zariadenia_vlastnost_majetku` (`typ_zariadenia_id`, `vlastnost_majetku_id`) VALUES (18, 6);
/*37*/ INSERT INTO `typ_zariadenia_vlastnost_majetku` (`typ_zariadenia_id`, `vlastnost_majetku_id`) VALUES (18, 31);
/*38*/ INSERT INTO `typ_zariadenia_vlastnost_majetku` (`typ_zariadenia_id`, `vlastnost_majetku_id`) VALUES (18, 52);
/*39*/ INSERT INTO `typ_zariadenia_vlastnost_majetku` (`typ_zariadenia_id`, `vlastnost_majetku_id`) VALUES (18, 53);
/*40*/ INSERT INTO `typ_zariadenia_vlastnost_majetku` (`typ_zariadenia_id`, `vlastnost_majetku_id`) VALUES (18, 54);
/*41*/ INSERT INTO `typ_zariadenia_vlastnost_majetku` (`typ_zariadenia_id`, `vlastnost_majetku_id`) VALUES (18, 55);
/*42*/ INSERT INTO `typ_zariadenia_vlastnost_majetku` (`typ_zariadenia_id`, `vlastnost_majetku_id`) VALUES (19, 6);
/*43*/ INSERT INTO `typ_zariadenia_vlastnost_majetku` (`typ_zariadenia_id`, `vlastnost_majetku_id`) VALUES (19, 1);
/*44*/ INSERT INTO `typ_zariadenia_vlastnost_majetku` (`typ_zariadenia_id`, `vlastnost_majetku_id`) VALUES (19, 56);
/*45*/ INSERT INTO `typ_zariadenia_vlastnost_majetku` (`typ_zariadenia_id`, `vlastnost_majetku_id`) VALUES (19, 57);
/*46*/ INSERT INTO `typ_zariadenia_vlastnost_majetku` (`typ_zariadenia_id`, `vlastnost_majetku_id`) VALUES (19, 58);