ALTER TABLE `obchodny_partner`
  ADD COLUMN `dph_paragraf` VARCHAR(255) NULL DEFAULT NULL AFTER `archiv`,
  ADD COLUMN `pravna_forma_id` INT NULL DEFAULT NULL AFTER `dph_paragraf`,
  ADD COLUMN `kontakt_email` VARCHAR(50) NULL DEFAULT NULL AFTER `pravna_forma_id`,
  ADD COLUMN `kontakt_ulica` VARCHAR(50) NULL DEFAULT NULL AFTER `kontakt_email`,
  ADD COLUMN `kontakt_obec` VARCHAR(50) NULL DEFAULT NULL AFTER `kontakt_ulica`,
  ADD COLUMN `kontakt_psc` VARCHAR(50) NULL DEFAULT NULL AFTER `kontakt_obec`,
  ADD COLUMN `kontakt_stat` VARCHAR(50) NULL DEFAULT NULL AFTER `kontakt_psc`,
  ADD COLUMN `sk_nace` INT NULL DEFAULT NULL AFTER `kontakt_stat`,
  ADD COLUMN `sk_nace_popis` VARCHAR(255) NULL DEFAULT NULL AFTER `sk_nace`,
  ADD COLUMN `pocet_zamestnancov` INT NULL DEFAULT NULL AFTER `sk_nace_popis`,
  ADD COLUMN `poznamka` TEXT NULL DEFAULT NULL AFTER `pocet_zamestnancov`,
  ADD COLUMN `datum_prvej_spoluprace` DATE NULL DEFAULT NULL AFTER `poznamka`;

INSERT INTO `form_group` (`id`, `form_id`, `nazov`, `code`, `position`) VALUES ('21', '260', 'Korešpondenčná adresa', 'obchodny_partner_kontaktna_adresa', '15');

INSERT INTO `form_element` (`id`, `form_group_id`, `form_element_type_id`, `db_table`, `db_column`, `db_multi_table`, `db_multivalue_table`, `column_title`, `position`, `attribute`, `width`, `height`, `help`, `example`, `direct_to_db`, `required`, `number`, `float_number`, `email`, `css_style`, `css_class`, `javascript`, `direct_multi_label`, `direct_multi_data`, `default_val`, `vdaemon`, `add_empty_option`, `html`, `lang_code`, `read_only`) VALUES (92, 21, 1, 'obchodny_partner', 'kontakt_ulica', NULL, NULL, 'Ulica', 10, NULL, NULL, NULL, NULL, NULL, 1, NULL, NULL, NULL, NULL, NULL, NULL, NULL, NULL, NULL, NULL, NULL, NULL, NULL, NULL, NULL);
INSERT INTO `form_element` (`id`, `form_group_id`, `form_element_type_id`, `db_table`, `db_column`, `db_multi_table`, `db_multivalue_table`, `column_title`, `position`, `attribute`, `width`, `height`, `help`, `example`, `direct_to_db`, `required`, `number`, `float_number`, `email`, `css_style`, `css_class`, `javascript`, `direct_multi_label`, `direct_multi_data`, `default_val`, `vdaemon`, `add_empty_option`, `html`, `lang_code`, `read_only`) VALUES (93, 21, 1, 'obchodny_partner', 'kontakt_obec', NULL, NULL, 'Obec', 20, NULL, NULL, NULL, NULL, NULL, 1, NULL, NULL, NULL, NULL, NULL, NULL, NULL, NULL, NULL, NULL, NULL, NULL, NULL, NULL, NULL);
INSERT INTO `form_element` (`id`, `form_group_id`, `form_element_type_id`, `db_table`, `db_column`, `db_multi_table`, `db_multivalue_table`, `column_title`, `position`, `attribute`, `width`, `height`, `help`, `example`, `direct_to_db`, `required`, `number`, `float_number`, `email`, `css_style`, `css_class`, `javascript`, `direct_multi_label`, `direct_multi_data`, `default_val`, `vdaemon`, `add_empty_option`, `html`, `lang_code`, `read_only`) VALUES (94, 21, 1, 'obchodny_partner', 'kontakt_psc', NULL, NULL, 'PSČ', 30, NULL, NULL, NULL, NULL, NULL, 1, NULL, NULL, NULL, NULL, NULL, NULL, NULL, NULL, NULL, NULL, NULL, NULL, NULL, NULL, NULL);
INSERT INTO `form_element` (`id`, `form_group_id`, `form_element_type_id`, `db_table`, `db_column`, `db_multi_table`, `db_multivalue_table`, `column_title`, `position`, `attribute`, `width`, `height`, `help`, `example`, `direct_to_db`, `required`, `number`, `float_number`, `email`, `css_style`, `css_class`, `javascript`, `direct_multi_label`, `direct_multi_data`, `default_val`, `vdaemon`, `add_empty_option`, `html`, `lang_code`, `read_only`) VALUES (95, 21, 1, 'obchodny_partner', 'kontakt_stat', NULL, NULL, 'Štát', 40, NULL, NULL, NULL, NULL, NULL, 1, NULL, NULL, NULL, NULL, NULL, NULL, NULL, NULL, NULL, NULL, NULL, NULL, NULL, NULL, NULL);
INSERT INTO `form_element` (`id`, `form_group_id`, `form_element_type_id`, `db_table`, `db_column`, `db_multi_table`, `db_multivalue_table`, `column_title`, `position`, `attribute`, `width`, `height`, `help`, `example`, `direct_to_db`, `required`, `number`, `float_number`, `email`, `css_style`, `css_class`, `javascript`, `direct_multi_label`, `direct_multi_data`, `default_val`, `vdaemon`, `add_empty_option`, `html`, `lang_code`, `read_only`) VALUES (96, 26000, 1, 'obchodny_partner', 'sk_nace', NULL, NULL, 'SK NACE', 110, NULL, NULL, NULL, NULL, NULL, 1, NULL, NULL, NULL, NULL, NULL, NULL, NULL, NULL, NULL, NULL, NULL, NULL, NULL, NULL, NULL);
INSERT INTO `form_element` (`id`, `form_group_id`, `form_element_type_id`, `db_table`, `db_column`, `db_multi_table`, `db_multivalue_table`, `column_title`, `position`, `attribute`, `width`, `height`, `help`, `example`, `direct_to_db`, `required`, `number`, `float_number`, `email`, `css_style`, `css_class`, `javascript`, `direct_multi_label`, `direct_multi_data`, `default_val`, `vdaemon`, `add_empty_option`, `html`, `lang_code`, `read_only`) VALUES (97, 26000, 1, 'obchodny_partner', 'sk_nace_poppis', NULL, NULL, 'SK NACE popis', 120, NULL, NULL, NULL, NULL, NULL, 1, NULL, NULL, NULL, NULL, NULL, NULL, NULL, NULL, NULL, NULL, NULL, NULL, NULL, NULL, NULL);
INSERT INTO `form_element` (`id`, `form_group_id`, `form_element_type_id`, `db_table`, `db_column`, `db_multi_table`, `db_multivalue_table`, `column_title`, `position`, `attribute`, `width`, `height`, `help`, `example`, `direct_to_db`, `required`, `number`, `float_number`, `email`, `css_style`, `css_class`, `javascript`, `direct_multi_label`, `direct_multi_data`, `default_val`, `vdaemon`, `add_empty_option`, `html`, `lang_code`, `read_only`) VALUES (98, 26000, 1, 'obchodny_partner', 'pocet_zamestnancov', NULL, NULL, 'Počet zamestnancov', 130, NULL, NULL, NULL, NULL, NULL, 1, NULL, NULL, NULL, NULL, NULL, NULL, NULL, NULL, NULL, NULL, NULL, NULL, NULL, NULL, NULL);
INSERT INTO `form_element` (`id`, `form_group_id`, `form_element_type_id`, `db_table`, `db_column`, `db_multi_table`, `db_multivalue_table`, `column_title`, `position`, `attribute`, `width`, `height`, `help`, `example`, `direct_to_db`, `required`, `number`, `float_number`, `email`, `css_style`, `css_class`, `javascript`, `direct_multi_label`, `direct_multi_data`, `default_val`, `vdaemon`, `add_empty_option`, `html`, `lang_code`, `read_only`) VALUES (99, 26000, 2, 'obchodny_partner', 'poznamka', NULL, NULL, 'Poznámka', 140, NULL, NULL, NULL, NULL, NULL, 1, NULL, NULL, NULL, NULL, NULL, NULL, NULL, NULL, NULL, NULL, NULL, NULL, NULL, NULL, NULL);
INSERT INTO `form_element` (`id`, `form_group_id`, `form_element_type_id`, `db_table`, `db_column`, `db_multi_table`, `db_multivalue_table`, `column_title`, `position`, `attribute`, `width`, `height`, `help`, `example`, `direct_to_db`, `required`, `number`, `float_number`, `email`, `css_style`, `css_class`, `javascript`, `direct_multi_label`, `direct_multi_data`, `default_val`, `vdaemon`, `add_empty_option`, `html`, `lang_code`, `read_only`) VALUES (100, 26000, 4, 'obchodny_partner', 'datum_prvej_spoluprace', NULL, NULL, 'Dátum prvej spolupráce', 150, NULL, NULL, NULL, NULL, NULL, 1, NULL, NULL, NULL, NULL, NULL, NULL, NULL, NULL, NULL, NULL, NULL, NULL, NULL, NULL, NULL);
INSERT INTO `form_element` (`id`, `form_group_id`, `form_element_type_id`, `db_table`, `db_column`, `db_multi_table`, `db_multivalue_table`, `column_title`, `position`, `attribute`, `width`, `height`, `help`, `example`, `direct_to_db`, `required`, `number`, `float_number`, `email`, `css_style`, `css_class`, `javascript`, `direct_multi_label`, `direct_multi_data`, `default_val`, `vdaemon`, `add_empty_option`, `html`, `lang_code`, `read_only`) VALUES (101, 26000, 1, 'obchodny_partner', 'dph_paragraf', NULL, NULL, 'Paragraf DPH', 105, NULL, NULL, NULL, NULL, NULL, 1, NULL, NULL, NULL, NULL, NULL, NULL, NULL, NULL, NULL, NULL, NULL, NULL, NULL, NULL, NULL);
INSERT INTO `form_element` (`id`, `form_group_id`, `form_element_type_id`, `db_table`, `db_column`, `db_multi_table`, `db_multivalue_table`, `column_title`, `position`, `attribute`, `width`, `height`, `help`, `example`, `direct_to_db`, `required`, `number`, `float_number`, `email`, `css_style`, `css_class`, `javascript`, `direct_multi_label`, `direct_multi_data`, `default_val`, `vdaemon`, `add_empty_option`, `html`, `lang_code`, `read_only`) VALUES (102, 21, 1, 'obchodny_partner', 'kontakt_email', NULL, NULL, 'E-mail', 50, NULL, NULL, NULL, NULL, NULL, 1, NULL, NULL, NULL, NULL, NULL, NULL, NULL, NULL, NULL, NULL, NULL, NULL, NULL, NULL, NULL);

CREATE TABLE `pravna_forma` (
  `id` INT(11) NOT NULL,
  `nazov` VARCHAR(255) NULL DEFAULT NULL,
  UNIQUE INDEX `id` (`id`)
)
  ENGINE=InnoDB
;

INSERT INTO `pravna_forma` (`id`, `nazov`) VALUES (100, 'Fyzická osoba-príležitostne činná-zapísaná v registri daňového informačného systému');
INSERT INTO `pravna_forma` (`id`, `nazov`) VALUES (101, 'Podnikateľ-fyzická osoba-nezapísaný v obchodnom registri');
INSERT INTO `pravna_forma` (`id`, `nazov`) VALUES (102, 'Podnikateľ-fyzická osoba-zapísaný v obchodnom registri');
INSERT INTO `pravna_forma` (`id`, `nazov`) VALUES (103, 'Samostatne hospodáriaci roľník nezapísaný v obchodnom registri');
INSERT INTO `pravna_forma` (`id`, `nazov`) VALUES (104, 'Samostatne hospodáriaci roľník zapísaný v obchodnom registri');
INSERT INTO `pravna_forma` (`id`, `nazov`) VALUES (105, 'Slobodné povolanie-fyzická osoba podnikajúca na základe iného ako živnostenského zákona');
INSERT INTO `pravna_forma` (`id`, `nazov`) VALUES (106, 'Slobodné povolanie-fyzická osoba podnikajúca na základe iného ako živnostenského zákona zapísaná v obchodnom registri');
INSERT INTO `pravna_forma` (`id`, `nazov`) VALUES (107, 'Podnikateľ-fyzická osoba-nezapís.v OR-podnikajúca súčasne ako sam.hosp.roľník');
INSERT INTO `pravna_forma` (`id`, `nazov`) VALUES (108, 'Podnikateľ-fyzická osoba-zapís.v OR-podnikajúca súčasne ako sam.hosp.roľník');
INSERT INTO `pravna_forma` (`id`, `nazov`) VALUES (109, 'Podnikateľ-fyzická osoba-nezapís.v OR-podnikajúca súčasne ako osoba so slobodným povolaním');
INSERT INTO `pravna_forma` (`id`, `nazov`) VALUES (110, 'Podnikateľ-fyzická osoba-zapís.v OR-podnikajúca súčasne ako osoba so slobodným povolaním');
INSERT INTO `pravna_forma` (`id`, `nazov`) VALUES (111, 'Verejná obchodná spoločnosť');
INSERT INTO `pravna_forma` (`id`, `nazov`) VALUES (112, 'Spoločnosť s ručením obmedzeným');
INSERT INTO `pravna_forma` (`id`, `nazov`) VALUES (113, 'Komanditná spoločnosť');
INSERT INTO `pravna_forma` (`id`, `nazov`) VALUES (117, 'Nadácia');
INSERT INTO `pravna_forma` (`id`, `nazov`) VALUES (118, 'Neinvestičný fond');
INSERT INTO `pravna_forma` (`id`, `nazov`) VALUES (119, 'Nezisková organizácia');
INSERT INTO `pravna_forma` (`id`, `nazov`) VALUES (121, 'Akciová spoločnosť');
INSERT INTO `pravna_forma` (`id`, `nazov`) VALUES (122, 'Európske zoskupenie hospodárskych záujmov');
INSERT INTO `pravna_forma` (`id`, `nazov`) VALUES (123, 'Európska spoločnosť');
INSERT INTO `pravna_forma` (`id`, `nazov`) VALUES (124, 'Európske družstvo');
INSERT INTO `pravna_forma` (`id`, `nazov`) VALUES (205, 'Družstvo');
INSERT INTO `pravna_forma` (`id`, `nazov`) VALUES (271, 'Spoločenstvá vlastníkov pozemkov, bytov a pod.');
INSERT INTO `pravna_forma` (`id`, `nazov`) VALUES (301, 'Štátny podnik');
INSERT INTO `pravna_forma` (`id`, `nazov`) VALUES (311, 'Národná banka Slovenska');
INSERT INTO `pravna_forma` (`id`, `nazov`) VALUES (312, 'Banka-štátny peňažný ústav');
INSERT INTO `pravna_forma` (`id`, `nazov`) VALUES (321, 'Rozpočtová organizácia');
INSERT INTO `pravna_forma` (`id`, `nazov`) VALUES (331, 'Príspevková organizácia');
INSERT INTO `pravna_forma` (`id`, `nazov`) VALUES (381, 'Fondy');
INSERT INTO `pravna_forma` (`id`, `nazov`) VALUES (382, 'Verejnoprávna inštitúcia');
INSERT INTO `pravna_forma` (`id`, `nazov`) VALUES (383, 'Iná organizácia verejnej správy');
INSERT INTO `pravna_forma` (`id`, `nazov`) VALUES (421, 'Zahraničná osoba, právnická osoba so sídlom mimo územia SR');
INSERT INTO `pravna_forma` (`id`, `nazov`) VALUES (422, 'Zahraničná osoba, fyzická osoba s bydliskom mimo územia SR');
INSERT INTO `pravna_forma` (`id`, `nazov`) VALUES (433, 'Sociálna a zdravotné poisťovne');
INSERT INTO `pravna_forma` (`id`, `nazov`) VALUES (434, 'Doplnková dôchodková poisťovňa');
INSERT INTO `pravna_forma` (`id`, `nazov`) VALUES (445, 'Komoditná burza');
INSERT INTO `pravna_forma` (`id`, `nazov`) VALUES (701, 'Združenie (zväz, spolok, spoločnosť, klub ai.)');
INSERT INTO `pravna_forma` (`id`, `nazov`) VALUES (711, 'Politická strana, politické hnutie');
INSERT INTO `pravna_forma` (`id`, `nazov`) VALUES (721, 'Cirkevná organizácia');
INSERT INTO `pravna_forma` (`id`, `nazov`) VALUES (741, 'Stavovská organizácia - profesná komora');
INSERT INTO `pravna_forma` (`id`, `nazov`) VALUES (745, 'Komora (s výnimkou profesných komôr)');
INSERT INTO `pravna_forma` (`id`, `nazov`) VALUES (751, 'Záujmové združenie právnických osôb');
INSERT INTO `pravna_forma` (`id`, `nazov`) VALUES (752, 'Záujmové združenie fyzických osôb bez právnej spôsobilosti');
INSERT INTO `pravna_forma` (`id`, `nazov`) VALUES (801, 'Obec (obecný úrad), mesto (mestský úrad)');
INSERT INTO `pravna_forma` (`id`, `nazov`) VALUES (803, 'Samosprávny kraj (úrad samosprávneho kraja)');
INSERT INTO `pravna_forma` (`id`, `nazov`) VALUES (804, 'Európske zoskupenie územnej spolupráce');
INSERT INTO `pravna_forma` (`id`, `nazov`) VALUES (901, 'Zastupiteľské orgány iných štátov');
INSERT INTO `pravna_forma` (`id`, `nazov`) VALUES (911, 'Zahraničné kultúrne, informačné stredisko, rozhlasová, tlačová a televízna agentúra');
INSERT INTO `pravna_forma` (`id`, `nazov`) VALUES (921, 'Medzinárodné organizácie a združenia');
INSERT INTO `pravna_forma` (`id`, `nazov`) VALUES (931, 'Zastúpenie zahraničnej právnickej osoby');
INSERT INTO `pravna_forma` (`id`, `nazov`) VALUES (951, 'Miestna jednotka bez právnej spôsobilosti');
INSERT INTO `pravna_forma` (`id`, `nazov`) VALUES (995, 'Nešpecifikovaná právna forma\r');

-- --------------------------------------------------------
-- Hostiteľ:                     127.0.0.1
-- Verze serveru:                10.1.21-MariaDB - mariadb.org binary distribution
-- OS serveru:                   Win32
-- HeidiSQL Verzia:              9.5.0.5196
-- --------------------------------------------------------


-- Exportování struktury pro tabulka gmspider.kraj
CREATE TABLE IF NOT EXISTS `kraj` (
  `id` int(10) unsigned NOT NULL AUTO_INCREMENT,
  `nazov` varchar(255) DEFAULT NULL,
  `stat_id` int(20) unsigned DEFAULT NULL,
  PRIMARY KEY (`id`),
  KEY `kraj_stat_idx` (`stat_id`)
) ENGINE=InnoDB AUTO_INCREMENT=24 DEFAULT CHARSET=utf8;

-- Exportování dat pro tabulku gmspider.kraj: ~23 rows (přibližně)
INSERT INTO `kraj` (`id`, `nazov`, `stat_id`) VALUES
  (1, 'Banskobystrický', 1),
  (2, 'Bratislavský', 1),
  (3, 'Košický', 1),
  (4, 'Nitriansky', 1),
  (5, 'Prešovský', 1),
  (6, 'Trenčiansky', 1),
  (7, 'Trnavský', 1),
  (8, 'Žilinský', 1);

-- Exportování struktury pro tabulka gmspider.obec
CREATE TABLE IF NOT EXISTS `obec` (
  `id` int(10) unsigned NOT NULL AUTO_INCREMENT,
  `okres_id` int(10) unsigned NOT NULL,
  `nazov` varchar(255) DEFAULT NULL,
  PRIMARY KEY (`id`),
  KEY `obec_FKIndex1` (`okres_id`),
  KEY `nazov` (`nazov`)
) ENGINE=InnoDB AUTO_INCREMENT=9162 DEFAULT CHARSET=utf8;

-- Exportování dat pro tabulku gmspider.obec: ~2 913 rows (přibližně)
INSERT INTO `obec` (`id`, `okres_id`, `nazov`) VALUES
  (1, 33, 'Ábelová'),
  (2, 53, 'Abovce'),
  (3, 16, 'Abrahám'),
  (4, 21, 'Abrahámovce'),
  (5, 4, 'Abrahámovce'),
  (6, 71, 'Abramová'),
  (7, 49, 'Abranovce'),
  (8, 69, 'Adamovské Kochanovce'),
  (9, 19, 'Adidovce'),
  (10, 40, 'Alekšince'),
  (11, 42, 'Andovce'),
  (12, 4, 'Andrejová'),
  (13, 67, 'Ardanovce'),
  (14, 54, 'Ardovo'),
  (15, 63, 'Arnutovce'),
  (16, 40, 'Báb'),
  (17, 74, 'Babie'),
  (18, 39, 'Babín'),
  (19, 79, 'Babiná'),
  (20, 40, 'Babindol'),
  (21, 53, 'Babinec'),
  (22, 15, 'Báč'),
  (23, 68, 'Bačka'),
  (24, 68, 'Bačkov'),
  (25, 23, 'Bačkovík'),
  (26, 10, 'Bacúch'),
  (27, 79, 'Bacúrov'),
  (28, 3, 'Baďan'),
  (29, 2, 'Badín'),
  (30, 44, 'Báhoň'),
  (31, 37, 'Bajany'),
  (32, 22, 'Bajč'),
  (33, 49, 'Bajerov'),
  (34, 56, 'Bajerovce'),
  (35, 30, 'Bajka'),
  (36, 42, 'Bajtava'),
  (37, 15, 'Baka'),
  (38, 2, 'Baláže'),
  (39, 31, 'Baldovce'),
  (40, 73, 'Balog nad Ipľom'),
  (41, 15, 'Baloň'),
  (42, 65, 'Baňa'),
  (43, 45, 'Banka'),
  (44, 42, 'Bánov'),
  (45, 1, 'Bánovce nad Bebravou'),
  (46, 37, 'Bánovce nad Ondavou'),
  (47, 3, 'Banská Belá'),
  (48, 2, 'Banská Bystrica'),
  (49, 3, 'Banská Štiavnica'),
  (50, 74, 'Banské'),
  (51, 3, 'Banský Studenec'),
  (52, 68, 'Bara'),
  (53, 53, 'Barca'),
  (54, 4, 'Bardejov'),
  (55, 42, 'Bardoňovo'),
  (56, 76, 'Bartošova Lehôtka'),
  (57, 4, 'Bartošovce'),
  (58, 23, 'Baška'),
  (59, 19, 'Baškovce'),
  (60, 62, 'Baškovce'),
  (61, 45, 'Bašovce'),
  (62, 47, 'Batizovce'),
  (63, 53, 'Bátka'),
  (64, 73, 'Bátorová'),
  (65, 22, 'Bátorove Kosihy'),
  (66, 30, 'Bátovce'),
  (67, 4, 'Becherov'),
  (68, 41, 'Beckov'),
  (69, 31, 'Beharovce'),
  (70, 77, 'Belá'),
  (71, 42, 'Belá'),
  (72, 61, 'Belá nad Cirochou'),
  (73, 35, 'Belá-Dulice'),
  (74, 78, 'Beladice'),
  (75, 66, 'Belejovce'),
  (76, 53, 'Belín'),
  (77, 33, 'Belina'),
  (78, 67, 'Belince'),
  (79, 15, 'Bellova Ves'),
  (80, 4, 'Beloveža'),
  (81, 3, 'Beluj'),
  (82, 51, 'Beluša'),
  (83, 23, 'Belža'),
  (84, 32, 'Beňadiková'),
  (85, 66, 'Beňadikovce'),
  (86, 39, 'Beňadovo'),
  (87, 62, 'Beňatina'),
  (88, 23, 'Beniakovce'),
  (89, 35, 'Benice'),
  (90, 74, 'Benkovce'),
  (91, 10, 'Beňuš'),
  (92, 58, 'Bernolákovo'),
  (93, 49, 'Bertotovce'),
  (94, 30, 'Beša'),
  (95, 37, 'Beša'),
  (96, 42, 'Bešeňov'),
  (97, 55, 'Bešeňová'),
  (98, 63, 'Betlanovce'),
  (99, 54, 'Betliar'),
  (100, 62, 'Bežovce'),
  (101, 23, 'Bidovce'),
  (102, 68, 'Biel'),
  (103, 30, 'Bielovce'),
  (104, 70, 'Biely Kostol'),
  (105, 31, 'Bijacovce'),
  (106, 59, 'Bílkove Humence'),
  (107, 42, 'Bíňa'),
  (108, 70, 'Bíňovce'),
  (109, 33, 'Biskupice'),
  (110, 67, 'Biskupová'),
  (111, 77, 'Bitarová'),
  (112, 15, 'Blahová'),
  (113, 15, 'Blatná na Ostrove'),
  (114, 62, 'Blatná Polianka'),
  (115, 58, 'Blatné'),
  (116, 62, 'Blatné Remety'),
  (117, 62, 'Blatné Revištia'),
  (118, 35, 'Blatnica'),
  (119, 23, 'Blažice'),
  (120, 71, 'Blažovce'),
  (121, 67, 'Blesovce'),
  (122, 53, 'Blhovce'),
  (123, 69, 'Bobot'),
  (124, 39, 'Bobrov'),
  (125, 32, 'Bobrovček'),
  (126, 32, 'Bobrovec'),
  (127, 32, 'Bobrovník'),
  (128, 23, 'Bočiar'),
  (129, 15, 'Bodíky'),
  (130, 48, 'Bodiná'),
  (131, 71, 'Bodorová'),
  (132, 56, 'Bodovce'),
  (133, 66, 'Bodružal'),
  (134, 22, 'Bodza'),
  (135, 22, 'Bodzianske Lúky'),
  (136, 4, 'Bogliarka'),
  (137, 23, 'Bohdanovce'),
  (138, 70, 'Bohdanovce nad Trnavou'),
  (139, 15, 'Boheľov'),
  (140, 30, 'Bohunice'),
  (141, 54, 'Bohúňovo'),
  (142, 67, 'Bojná'),
  (143, 50, 'Bojnice'),
  (144, 18, 'Bojničky'),
  (145, 68, 'Boľ'),
  (146, 58, 'Boldog'),
  (147, 70, 'Boleráz'),
  (148, 20, 'Bolešov'),
  (149, 23, 'Boliarov'),
  (150, 33, 'Boľkovce'),
  (151, 1, 'Borčany'),
  (152, 20, 'Borčice'),
  (153, 71, 'Borcová'),
  (154, 34, 'Borinka'),
  (155, 54, 'Bôrka'),
  (156, 70, 'Borová'),
  (157, 45, 'Borovce'),
  (158, 68, 'Borša'),
  (159, 59, 'Borský Mikuláš'),
  (160, 59, 'Borský Svätý Jur'),
  (161, 30, 'Bory'),
  (162, 41, 'Bošáca'),
  (163, 43, 'Bošany'),
  (164, 68, 'Boťany'),
  (165, 53, 'Bottovo'),
  (166, 37, 'Bracovce'),
  (167, 40, 'Branč'),
  (168, 42, 'Branovo'),
  (169, 9, 'Bratislava - Čunovo'),
  (170, 8, 'Bratislava - Devín'),
  (171, 8, 'Bratislava - Devínska Nová Ves'),
  (172, 8, 'Bratislava - Dúbravka'),
  (173, 9, 'Bratislava - Jarovce'),
  (174, 8, 'Bratislava - Karlova Ves'),
  (175, 8, 'Bratislava - Lamač'),
  (176, 7, 'Bratislava'),
  (177, 9, 'Bratislava - Petržalka'),
  (178, 6, 'Bratislava - Podunajské Biskupice'),
  (179, 7, 'Bratislava - Rača'),
  (180, 9, 'Bratislava - Rusovce'),
  (181, 6, 'Bratislava - Ružinov'),
  (182, 5, 'Bratislava - Staré Mesto'),
  (183, 7, 'Bratislava - Vajnory'),
  (184, 6, 'Bratislava - Vrakuňa'),
  (185, 8, 'Bratislava - Záhorská Bystrica'),
  (186, 10, 'Braväcovo'),
  (187, 54, 'Brdárka'),
  (188, 68, 'Brehov'),
  (189, 75, 'Brehy'),
  (190, 19, 'Brekov'),
  (191, 19, 'Brestov'),
  (192, 49, 'Brestov'),
  (193, 36, 'Brestov nad Laborcom'),
  (194, 70, 'Brestovany'),
  (195, 22, 'Brestovec'),
  (196, 38, 'Brestovec'),
  (197, 49, 'Bretejovce'),
  (198, 54, 'Bretka'),
  (199, 39, 'Breza'),
  (200, 77, 'Brezany'),
  (201, 49, 'Brežany'),
  (202, 68, 'Brezina'),
  (203, 79, 'Breziny'),
  (204, 65, 'Breznica'),
  (205, 65, 'Breznička'),
  (206, 46, 'Breznička'),
  (207, 10, 'Brezno'),
  (208, 1, 'Brezolupy'),
  (209, 4, 'Brezov'),
  (210, 38, 'Brezová pod Bradlom'),
  (211, 61, 'Brezovec'),
  (212, 56, 'Brezovica'),
  (213, 72, 'Brezovica'),
  (214, 56, 'Brezovička'),
  (215, 4, 'Brezovka'),
  (216, 30, 'Brhlovce'),
  (217, 71, 'Brieštie'),
  (218, 60, 'Brodské'),
  (219, 43, 'Brodzany'),
  (220, 41, 'Brunovce'),
  (221, 65, 'Brusnica'),
  (222, 73, 'Brusník'),
  (223, 2, 'Brusno'),
  (224, 31, 'Brutovce'),
  (225, 42, 'Bruty'),
  (226, 48, 'Brvnište'),
  (227, 54, 'Brzotín'),
  (228, 22, 'Búč'),
  (229, 70, 'Bučany'),
  (230, 4, 'Buclovany'),
  (231, 79, 'Budča'),
  (232, 53, 'Budikovany'),
  (233, 23, 'Budimír'),
  (234, 33, 'Budiná'),
  (235, 37, 'Budince'),
  (236, 71, 'Budiš'),
  (237, 37, 'Budkovce'),
  (238, 44, 'Budmerice'),
  (239, 31, 'Buglovce'),
  (240, 70, 'Buková'),
  (241, 65, 'Bukovce'),
  (242, 23, 'Bukovec'),
  (243, 38, 'Bukovec'),
  (244, 32, 'Bukovina'),
  (245, 33, 'Bulhary'),
  (246, 23, 'Bunetice'),
  (247, 62, 'Bunkovce'),
  (248, 73, 'Bušince'),
  (249, 21, 'Bušovce'),
  (250, 23, 'Buzica'),
  (251, 33, 'Buzitka'),
  (252, 68, 'Byšta'),
  (253, 65, 'Bystrá'),
  (254, 10, 'Bystrá'),
  (255, 63, 'Bystrany'),
  (256, 74, 'Bystré'),
  (257, 50, 'Bystričany'),
  (258, 35, 'Bystrička'),
  (259, 11, 'Bytča'),
  (260, 65, 'Bžany'),
  (261, 76, 'Bzenica'),
  (262, 49, 'Bzenov'),
  (263, 41, 'Bzince pod Javorinou'),
  (264, 14, 'Bziny'),
  (265, 28, 'Bzovík'),
  (266, 79, 'Bzovská Lehôtka'),
  (267, 40, 'Cabaj-Čápor'),
  (268, 36, 'Čabalovce'),
  (269, 36, 'Čabiny'),
  (270, 74, 'Cabov'),
  (271, 28, 'Čabradský Vrbovok'),
  (272, 41, 'Čachtice'),
  (273, 12, 'Čadca'),
  (274, 30, 'Čajkov'),
  (275, 30, 'Čaka'),
  (276, 40, 'Čakajovce'),
  (277, 23, 'Čakanovce'),
  (278, 33, 'Čakanovce'),
  (279, 15, 'Čakany'),
  (280, 74, 'Čaklov'),
  (281, 53, 'Cakov'),
  (282, 22, 'Čalovec'),
  (283, 33, 'Čamovce'),
  (284, 23, 'Čaňa'),
  (285, 78, 'Čaradice'),
  (286, 59, 'Čáry'),
  (287, 44, 'Častá'),
  (288, 59, 'Častkov'),
  (289, 41, 'Častkovce'),
  (290, 30, 'Čata'),
  (291, 58, 'Čataj'),
  (292, 50, 'Čavoj'),
  (293, 73, 'Čebovce'),
  (294, 37, 'Čečehov'),
  (295, 23, 'Čečejovce'),
  (296, 42, 'Čechy'),
  (297, 40, 'Čechynce'),
  (298, 68, 'Cejkov'),
  (299, 28, 'Čekovce'),
  (300, 40, 'Čeľadice'),
  (301, 67, 'Čeľadince'),
  (302, 73, 'Čeláre'),
  (303, 48, 'Čelkova Lehota'),
  (304, 49, 'Čelovce'),
  (305, 73, 'Čelovce'),
  (306, 68, 'Čeľovce'),
  (307, 15, 'Čenkovce'),
  (308, 50, 'Čereňany'),
  (309, 53, 'Čerenčany'),
  (310, 68, 'Čerhov'),
  (311, 2, 'Čerín'),
  (312, 67, 'Čermany'),
  (313, 42, 'Černík'),
  (314, 66, 'Cernina'),
  (315, 19, 'Černina'),
  (316, 68, 'Černochov'),
  (317, 59, 'Cerová'),
  (318, 28, 'Cerovo'),
  (319, 36, 'Čertižné'),
  (320, 56, 'Červená Voda'),
  (321, 73, 'Červeňany'),
  (322, 49, 'Červenica'),
  (323, 56, 'Červenica pri Sabinove'),
  (324, 18, 'Červeník'),
  (325, 78, 'Červený Hrádok'),
  (326, 20, 'Červený Kameň'),
  (327, 21, 'Červený Kláštor'),
  (328, 46, 'České Brezovo'),
  (329, 23, 'Cestice'),
  (330, 53, 'Chanava'),
  (331, 42, 'Chľaba'),
  (332, 14, 'Chlebnice'),
  (333, 19, 'Chlmec'),
  (334, 64, 'Chmeľnica'),
  (335, 49, 'Chmeľov'),
  (336, 4, 'Chmeľová'),
  (337, 49, 'Chmeľovec'),
  (338, 49, 'Chmiňany'),
  (339, 49, 'Chminianska Nová Ves'),
  (340, 49, 'Chminianske Jakubovany'),
  (341, 78, 'Choča'),
  (342, 69, 'Chocholná-Velčice'),
  (343, 62, 'Choňkovce'),
  (344, 58, 'Chorvátsky Grob'),
  (345, 23, 'Chorváty'),
  (346, 65, 'Chotča'),
  (347, 22, 'Chotín'),
  (348, 67, 'Chrabrany'),
  (349, 53, 'Chrámec'),
  (350, 63, 'Chrasť nad Hornádom'),
  (351, 73, 'Chrastince'),
  (352, 23, 'Chrastné'),
  (353, 50, 'Chrenovec-Brusno'),
  (354, 60, 'Chropov'),
  (355, 73, 'Chrťany'),
  (356, 45, 'Chtelnica'),
  (357, 1, 'Chudá Lehota'),
  (358, 52, 'Chvalová'),
  (359, 50, 'Chvojnica'),
  (360, 38, 'Chvojnica'),
  (361, 43, 'Chynorany'),
  (362, 52, 'Chyžné'),
  (363, 37, 'Čičarovce'),
  (364, 74, 'Čičava'),
  (365, 77, 'Čičmany'),
  (366, 22, 'Číčov'),
  (367, 68, 'Čierna'),
  (368, 54, 'Čierna Lehota'),
  (369, 1, 'Čierna Lehota'),
  (370, 68, 'Čierna nad Tisou'),
  (371, 16, 'Čierna Voda'),
  (372, 12, 'Čierne'),
  (373, 78, 'Čierne Kľačany'),
  (374, 74, 'Čierne nad Topľou'),
  (375, 37, 'Čierne Pole'),
  (376, 10, 'Čierny Balog'),
  (377, 16, 'Čierny Brod'),
  (378, 53, 'Čierny Potok'),
  (379, 40, 'Čifáre'),
  (380, 70, 'Cífer'),
  (381, 50, 'Cigeľ'),
  (382, 4, 'Cigeľka'),
  (383, 66, 'Cigla'),
  (384, 15, 'Čiližská Radvaň'),
  (385, 1, 'Cimenná'),
  (386, 72, 'Čimhová'),
  (387, 46, 'Cinobaňa'),
  (388, 64, 'Čirč'),
  (389, 53, 'Číž'),
  (390, 23, 'Čižatice'),
  (391, 54, 'Čoltovo'),
  (392, 71, 'Čremošné'),
  (393, 54, 'Čučma'),
  (394, 61, 'Čukalovce'),
  (395, 56, 'Ďačov'),
  (396, 73, 'Dačov Lom'),
  (397, 56, 'Daletice'),
  (398, 63, 'Danišovce'),
  (399, 35, 'Ďanová'),
  (400, 74, 'Ďapalovce'),
  (401, 68, 'Dargov'),
  (402, 74, 'Davidov'),
  (403, 23, 'Debraď'),
  (404, 70, 'Dechtice'),
  (405, 19, 'Dedačov'),
  (406, 22, 'Dedina Mládeže'),
  (407, 42, 'Dedinka'),
  (408, 54, 'Dedinky'),
  (409, 3, 'Dekýš'),
  (410, 30, 'Demandice'),
  (411, 32, 'Demänovská Dolina'),
  (412, 49, 'Demjata'),
  (413, 74, 'Detrík'),
  (414, 13, 'Detva'),
  (415, 13, 'Detvianska Huta'),
  (416, 30, 'Devičany'),
  (417, 28, 'Devičie'),
  (418, 1, 'Dežerice'),
  (419, 35, 'Diaková'),
  (420, 57, 'Diakovce'),
  (421, 50, 'Diviacka Nová Ves'),
  (422, 50, 'Diviaky nad Nitricou'),
  (423, 33, 'Divín'),
  (424, 77, 'Divina'),
  (425, 77, 'Divinka'),
  (426, 70, 'Dlhá'),
  (427, 12, 'Dlhá nad Kysucou'),
  (428, 14, 'Dlhá nad Oravou'),
  (429, 57, 'Dlhá nad Váhom'),
  (430, 54, 'Dlhá Ves'),
  (431, 74, 'Dlhé Klčovo'),
  (432, 61, 'Dlhé nad Cirochou'),
  (433, 77, 'Dlhé Pole'),
  (434, 31, 'Dlhé Stráže'),
  (435, 66, 'Dlhoňa'),
  (436, 50, 'Dlžín'),
  (437, 68, 'Dobrá'),
  (438, 79, 'Dobrá Niva'),
  (439, 70, 'Dobrá Voda'),
  (440, 33, 'Dobroč'),
  (441, 15, 'Dobrohošť'),
  (442, 66, 'Dobroslava'),
  (443, 54, 'Dobšiná'),
  (444, 51, 'Dohňany'),
  (445, 59, 'Dojč'),
  (446, 31, 'Doľany'),
  (447, 44, 'Doľany'),
  (448, 73, 'Dolinka'),
  (449, 51, 'Dolná Breznica'),
  (450, 70, 'Dolná Krupá'),
  (451, 10, 'Dolná Lehota'),
  (452, 48, 'Dolná Mariková'),
  (453, 2, 'Dolná Mičiná'),
  (454, 69, 'Dolná Poruba'),
  (455, 30, 'Dolná Seč'),
  (456, 16, 'Dolná Streda'),
  (457, 73, 'Dolná Strehová'),
  (458, 69, 'Dolná Súča'),
  (459, 77, 'Dolná Tižina'),
  (460, 76, 'Dolná Trnávka'),
  (461, 76, 'Dolná Ves'),
  (462, 76, 'Dolná Ždaňa'),
  (463, 70, 'Dolné Dubové'),
  (464, 51, 'Dolné Kočkovce'),
  (465, 70, 'Dolné Lovčice'),
  (466, 28, 'Dolné Mladonice'),
  (467, 1, 'Dolné Naštice'),
  (468, 40, 'Dolné Obdokovce'),
  (469, 70, 'Dolné Orešany'),
  (470, 18, 'Dolné Otrokovce'),
  (471, 73, 'Dolné Plachtince'),
  (472, 16, 'Dolné Saliby'),
  (473, 30, 'Dolné Semerovce'),
  (474, 41, 'Dolné Srnie'),
  (475, 73, 'Dolné Strháre'),
  (476, 18, 'Dolné Trhovište'),
  (477, 50, 'Dolné Vestenice'),
  (478, 53, 'Dolné Zahorany'),
  (479, 18, 'Dolné Zelenice'),
  (480, 28, 'Dolný Badín'),
  (481, 15, 'Dolný Bar'),
  (482, 16, 'Dolný Chotár'),
  (483, 2, 'Dolný Harmanec'),
  (484, 77, 'Dolný Hričov'),
  (485, 35, 'Dolný Kalník'),
  (486, 14, 'Dolný Kubín'),
  (487, 48, 'Dolný Lieskov'),
  (488, 45, 'Dolný Lopašov'),
  (489, 42, 'Dolný Ohaj'),
  (490, 30, 'Dolný Pial'),
  (491, 15, 'Dolný Štál'),
  (492, 29, 'Dolný Vadičov'),
  (493, 30, 'Domadice'),
  (494, 28, 'Domaníky'),
  (495, 48, 'Domaniža'),
  (496, 31, 'Domaňovce'),
  (497, 2, 'Donovaly'),
  (498, 10, 'Drábsko'),
  (499, 37, 'Drahňov'),
  (500, 45, 'Drahovce'),
  (501, 31, 'Dravce'),
  (502, 53, 'Dražice'),
  (503, 35, 'Dražkovce'),
  (504, 28, 'Drážovce'),
  (505, 53, 'Drienčany'),
  (506, 56, 'Drienica'),
  (507, 49, 'Drienov'),
  (508, 23, 'Drienovec'),
  (509, 28, 'Drienovo'),
  (510, 49, 'Drienovská Nová Ves'),
  (511, 69, 'Drietoma'),
  (512, 53, 'Drňa'),
  (513, 54, 'Drnava'),
  (514, 23, 'Družstevná pri Hornáde'),
  (515, 30, 'Drženice'),
  (516, 52, 'Držkovce'),
  (517, 46, 'Ďubákovo'),
  (518, 4, 'Dubinné'),
  (519, 20, 'Dubnica nad Váhom'),
  (520, 1, 'Dubnička'),
  (521, 42, 'Dubník'),
  (522, 53, 'Dubno'),
  (523, 69, 'Dubodiel'),
  (524, 44, 'Dubová'),
  (525, 66, 'Dubová'),
  (526, 45, 'Dubovany'),
  (527, 60, 'Dubovce'),
  (528, 71, 'Dubové'),
  (529, 79, 'Dubové'),
  (530, 53, 'Dubovec'),
  (531, 56, 'Dubovica'),
  (532, 32, 'Dúbrava'),
  (533, 31, 'Dúbrava'),
  (534, 61, 'Dúbrava'),
  (535, 2, 'Dúbravica'),
  (536, 37, 'Dúbravka'),
  (537, 13, 'Dúbravy'),
  (538, 45, 'Ducové'),
  (539, 28, 'Dudince'),
  (540, 66, 'Dukovce'),
  (541, 20, 'Dulov'),
  (542, 49, 'Dulova Ves'),
  (543, 22, 'Dulovce'),
  (544, 53, 'Dulovo'),
  (545, 12, 'Dunajov'),
  (546, 58, 'Dunajská Lužná'),
  (547, 15, 'Dunajská Streda'),
  (548, 15, 'Dunajský Klátov'),
  (549, 65, 'Duplín'),
  (550, 77, 'Ďurčiná'),
  (551, 74, 'Ďurďoš'),
  (552, 23, 'Ďurďošík'),
  (553, 48, 'Ďurďové'),
  (554, 23, 'Ďurkov'),
  (555, 64, 'Ďurková'),
  (556, 73, 'Ďurkovce'),
  (557, 67, 'Dvorany nad Nitrou'),
  (558, 1, 'Dvorec'),
  (559, 68, 'Dvorianky'),
  (560, 18, 'Dvorníky'),
  (561, 23, 'Dvorníky-Včeláre'),
  (562, 42, 'Dvory nad Žitavou'),
  (563, 68, 'Egreš'),
  (564, 77, 'Fačkov'),
  (565, 37, 'Falkušovce'),
  (566, 30, 'Farná'),
  (567, 62, 'Fekišovce'),
  (568, 53, 'Figa'),
  (569, 66, 'Fijaš'),
  (570, 33, 'Fiľakovo'),
  (571, 33, 'Fiľakovské Kováče'),
  (572, 49, 'Fintice'),
  (573, 35, 'Folkušová'),
  (574, 64, 'Forbasy'),
  (575, 4, 'Frička'),
  (576, 4, 'Fričkovce'),
  (577, 49, 'Fričovce'),
  (578, 49, 'Fulianka'),
  (579, 15, 'Gabčíkovo'),
  (580, 4, 'Gaboltov'),
  (581, 34, 'Gajary'),
  (582, 16, 'Galanta'),
  (583, 32, 'Galovany'),
  (584, 16, 'Gáň'),
  (585, 47, 'Gánovce'),
  (586, 77, 'Gbeľany'),
  (587, 42, 'Gbelce'),
  (588, 60, 'Gbely'),
  (589, 23, 'Geča'),
  (590, 17, 'Gelnica'),
  (591, 52, 'Gemer'),
  (592, 53, 'Gemerček'),
  (593, 54, 'Gemerská Hôrka'),
  (594, 54, 'Gemerská Panica'),
  (595, 54, 'Gemerská Poloma'),
  (596, 52, 'Gemerská Ves'),
  (597, 53, 'Gemerské Dechtáre'),
  (598, 53, 'Gemerské Michalovce'),
  (599, 52, 'Gemerské Teplice'),
  (600, 53, 'Gemerský Jablonec'),
  (601, 52, 'Gemerský Sad'),
  (602, 49, 'Geraltov'),
  (603, 47, 'Gerlachov'),
  (604, 4, 'Gerlachov'),
  (605, 74, 'Giglovce'),
  (606, 66, 'Giraltovce'),
  (607, 74, 'Girovce'),
  (608, 73, 'Glabušovce'),
  (609, 54, 'Gočaltovo'),
  (610, 54, 'Gočovo'),
  (611, 40, 'Golianovo'),
  (612, 53, 'Gortva'),
  (613, 32, 'Gôtovany'),
  (614, 31, 'Granč-Petrovce'),
  (615, 33, 'Gregorova Vieska'),
  (616, 49, 'Gregorovce'),
  (617, 65, 'Gribov'),
  (618, 19, 'Gruzovce'),
  (619, 23, 'Gyňov'),
  (620, 72, 'Habovka'),
  (621, 36, 'Habura'),
  (622, 23, 'Hačava'),
  (623, 23, 'Háj'),
  (624, 71, 'Háj'),
  (625, 67, 'Hajná Nová Ves'),
  (626, 53, 'Hajnáčka'),
  (627, 57, 'Hájske'),
  (628, 64, 'Hajtovka'),
  (629, 1, 'Haláčovce'),
  (630, 33, 'Halič'),
  (631, 64, 'Haligovce'),
  (632, 41, 'Haluzice'),
  (633, 58, 'Hamuliakovo'),
  (634, 50, 'Handlová'),
  (635, 56, 'Hanigovce'),
  (636, 49, 'Haniska'),
  (637, 23, 'Haniska'),
  (638, 54, 'Hanková'),
  (639, 19, 'Hankovce'),
  (640, 4, 'Hankovce'),
  (641, 74, 'Hanušovce nad Topľou'),
  (642, 31, 'Harakovce'),
  (643, 4, 'Harhaj'),
  (644, 63, 'Harichovce'),
  (645, 2, 'Harmanec'),
  (646, 37, 'Hatalov'),
  (647, 48, 'Hatné'),
  (648, 65, 'Havaj'),
  (649, 21, 'Havka'),
  (650, 66, 'Havranec'),
  (651, 37, 'Hažín'),
  (652, 19, 'Hažín nad Cirochou'),
  (653, 4, 'Hažlín'),
  (654, 17, 'Helcmanovce'),
  (655, 10, 'Heľpa'),
  (656, 54, 'Henckovce'),
  (657, 17, 'Henclová'),
  (658, 74, 'Hencovce'),
  (659, 49, 'Hendrichovce'),
  (660, 23, 'Herľany'),
  (661, 49, 'Hermanovce'),
  (662, 74, 'Hermanovce nad Topľou'),
  (663, 4, 'Hertník'),
  (664, 4, 'Hervartov'),
  (665, 2, 'Hiadeľ'),
  (666, 63, 'Hincovce'),
  (667, 72, 'Hladovka'),
  (668, 59, 'Hlboké'),
  (669, 76, 'Hliník nad Hronom'),
  (670, 74, 'Hlinné'),
  (671, 62, 'Hlivištia'),
  (672, 18, 'Hlohovec'),
  (673, 64, 'Hniezdne'),
  (674, 63, 'Hnilčík'),
  (675, 63, 'Hnilec'),
  (676, 37, 'Hnojné'),
  (677, 53, 'Hnúšťa'),
  (678, 53, 'Hodejov'),
  (679, 53, 'Hodejovec'),
  (680, 23, 'Hodkovce'),
  (681, 75, 'Hodruša-Hámre'),
  (682, 30, 'Hokovce'),
  (683, 74, 'Holčíkovce'),
  (684, 22, 'Holiare'),
  (685, 60, 'Holíč'),
  (686, 15, 'Holice'),
  (687, 33, 'Holiša'),
  (688, 21, 'Holumnica'),
  (689, 54, 'Honce'),
  (690, 30, 'Hontianska Vrbica'),
  (691, 28, 'Hontianske Moravce'),
  (692, 28, 'Hontianske Nemce'),
  (693, 28, 'Hontianske Tesáre'),
  (694, 30, 'Hontianske Trsťany'),
  (695, 47, 'Hôrka'),
  (696, 41, 'Hôrka nad Váhom'),
  (697, 77, 'Hôrky'),
  (698, 62, 'Horňa'),
  (699, 51, 'Horná Breznica'),
  (700, 57, 'Horná Kráľová'),
  (701, 70, 'Horná Krupá'),
  (702, 14, 'Horná Lehota'),
  (703, 10, 'Horná Lehota'),
  (704, 48, 'Horná Mariková'),
  (705, 2, 'Horná Mičiná'),
  (706, 20, 'Horná Poruba'),
  (707, 15, 'Horná Potôň'),
  (708, 30, 'Horná Seč'),
  (709, 41, 'Horná Streda'),
  (710, 73, 'Horná Strehová'),
  (711, 71, 'Horná Štubňa'),
  (712, 69, 'Horná Súča'),
  (713, 50, 'Horná Ves'),
  (714, 76, 'Horná Ždaňa'),
  (715, 69, 'Horňany'),
  (716, 67, 'Horné Chlebany'),
  (717, 70, 'Horné Dubové'),
  (718, 75, 'Horné Hámre'),
  (719, 40, 'Horné Lefantovce'),
  (720, 28, 'Horné Mladonice'),
  (721, 15, 'Horné Mýto'),
  (722, 1, 'Horné Naštice'),
  (723, 67, 'Horné Obdokovce'),
  (724, 70, 'Horné Orešany'),
  (725, 18, 'Horné Otrokovce'),
  (726, 73, 'Horné Plachtince'),
  (727, 2, 'Horné Pršany'),
  (728, 16, 'Horné Saliby'),
  (729, 30, 'Horné Semerovce'),
  (730, 69, 'Horné Srnie'),
  (731, 67, 'Horné Štitáre'),
  (732, 73, 'Horné Strháre'),
  (733, 18, 'Horné Trhovište'),
  (734, 30, 'Horné Turovce'),
  (735, 50, 'Horné Vestenice'),
  (736, 53, 'Horné Zahorany'),
  (737, 18, 'Horné Zelenice'),
  (738, 28, 'Horný Badín'),
  (739, 15, 'Horný Bar'),
  (740, 77, 'Horný Hričov'),
  (741, 35, 'Horný Kalník'),
  (742, 48, 'Horný Lieskov'),
  (743, 30, 'Horný Pial'),
  (744, 13, 'Horný Tisovník'),
  (745, 29, 'Horný Vadičov'),
  (746, 51, 'Horovce'),
  (747, 37, 'Horovce'),
  (748, 16, 'Hoste'),
  (749, 53, 'Hostice'),
  (750, 78, 'Hostie'),
  (751, 53, 'Hostišovce'),
  (752, 40, 'Hosťová'),
  (753, 78, 'Hosťovce'),
  (754, 23, 'Hosťovce'),
  (755, 61, 'Hostovice'),
  (756, 47, 'Hozelec'),
  (757, 75, 'Hrabičov'),
  (758, 49, 'Hrabkov'),
  (759, 61, 'Hrabová Roztoka'),
  (760, 66, 'Hrabovčík'),
  (761, 4, 'Hrabovec'),
  (762, 19, 'Hrabovec nad Laborcom'),
  (763, 69, 'Hrabovka'),
  (764, 4, 'Hrabské'),
  (765, 63, 'Hrabušice'),
  (766, 41, 'Hrachovište'),
  (767, 53, 'Hrachovo'),
  (768, 21, 'Hradisko'),
  (769, 43, 'Hradište'),
  (770, 46, 'Hradište'),
  (771, 59, 'Hradište pod Vrátnom'),
  (772, 41, 'Hrádok'),
  (773, 68, 'Hraň'),
  (774, 64, 'Hraničné'),
  (775, 47, 'Hranovnica'),
  (776, 38, 'Hrašné'),
  (777, 23, 'Hrašovík'),
  (778, 68, 'Hrčeľ'),
  (779, 54, 'Hrhov'),
  (780, 68, 'Hriadky'),
  (781, 77, 'Hričovské Podhradie'),
  (782, 13, 'Hriňová'),
  (783, 17, 'Hrišovce'),
  (784, 52, 'Hrlica'),
  (785, 70, 'Hrnčiarovce nad Parnou'),
  (786, 46, 'Hrnčiarska Ves'),
  (787, 46, 'Hrnčiarske Zalužany'),
  (788, 2, 'Hrochoť'),
  (789, 64, 'Hromoš'),
  (790, 10, 'Hronec'),
  (791, 30, 'Hronovce'),
  (792, 2, 'Hronsek'),
  (793, 79, 'Hronská Breznica'),
  (794, 76, 'Hronská Dúbrava'),
  (795, 30, 'Hronské Kľačany'),
  (796, 30, 'Hronské Kosihy'),
  (797, 75, 'Hronský Beňadik'),
  (798, 58, 'Hrubá Borša'),
  (799, 40, 'Hruboňovo'),
  (800, 19, 'Hrubov'),
  (801, 58, 'Hrubý Šúr'),
  (802, 73, 'Hrušov'),
  (803, 54, 'Hrušov'),
  (804, 67, 'Hrušovany'),
  (805, 53, 'Hrušovo'),
  (806, 39, 'Hruštín'),
  (807, 15, 'Hubice'),
  (808, 45, 'Hubina'),
  (809, 56, 'Hubošovce'),
  (810, 55, 'Hubová'),
  (811, 53, 'Hubovo'),
  (812, 52, 'Hucín'),
  (813, 19, 'Hudcovce'),
  (814, 42, 'Hul'),
  (815, 19, 'Humenné'),
  (816, 21, 'Huncovce'),
  (817, 66, 'Hunkovce'),
  (818, 58, 'Hurbanova Ves'),
  (819, 22, 'Hurbanovo'),
  (820, 62, 'Husák'),
  (821, 53, 'Husiná'),
  (822, 4, 'Hutka'),
  (823, 32, 'Huty'),
  (824, 15, 'Hviezdoslavov'),
  (825, 11, 'Hvozdnica'),
  (826, 32, 'Hybe'),
  (827, 23, 'Hýľov'),
  (828, 58, 'Igram'),
  (829, 21, 'Ihľany'),
  (830, 76, 'Ihráč'),
  (831, 20, 'Ilava'),
  (832, 63, 'Iliašovce'),
  (833, 3, 'Ilija'),
  (834, 22, 'Imeľ'),
  (835, 30, 'Iňa'),
  (836, 37, 'Iňačovce'),
  (837, 62, 'Inovce'),
  (838, 73, 'Ipeľské Predmostie'),
  (839, 30, 'Ipeľské Úľany'),
  (840, 30, 'Ipeľský Sokolec'),
  (841, 14, 'Istebné'),
  (842, 55, 'Ivachnová'),
  (843, 71, 'Ivančiná'),
  (844, 53, 'Ivanice'),
  (845, 58, 'Ivanka pri Dunaji'),
  (846, 40, 'Ivanka pri Nitre'),
  (847, 69, 'Ivanovce'),
  (848, 22, 'Iža'),
  (849, 32, 'Ižipovce'),
  (850, 37, 'Ižkovce'),
  (851, 19, 'Jabloň'),
  (852, 44, 'Jablonec'),
  (853, 59, 'Jablonica'),
  (854, 38, 'Jablonka'),
  (855, 31, 'Jablonov'),
  (856, 54, 'Jablonov nad Turňou'),
  (857, 30, 'Jabloňovce'),
  (858, 34, 'Jablonové'),
  (859, 11, 'Jablonové'),
  (860, 67, 'Jacovce'),
  (861, 15, 'Jahodná'),
  (862, 17, 'Jaklovce'),
  (863, 56, 'Jakovany'),
  (864, 64, 'Jakubany'),
  (865, 34, 'Jakubov'),
  (866, 56, 'Jakubova Voľa'),
  (867, 56, 'Jakubovany'),
  (868, 32, 'Jakubovany'),
  (869, 65, 'Jakušovce'),
  (870, 61, 'Jalová'),
  (871, 50, 'Jalovec'),
  (872, 32, 'Jalovec'),
  (873, 18, 'Jalšové'),
  (874, 28, 'Jalšovík'),
  (875, 32, 'Jamník'),
  (876, 63, 'Jamník'),
  (877, 53, 'Janice'),
  (878, 23, 'Janík'),
  (879, 15, 'Janíky'),
  (880, 19, 'Jankovce'),
  (881, 49, 'Janov'),
  (882, 76, 'Janova Lehota'),
  (883, 47, 'Jánovce'),
  (884, 16, 'Jánovce'),
  (885, 4, 'Janovce'),
  (886, 49, 'Janovík'),
  (887, 10, 'Jarabá'),
  (888, 64, 'Jarabina'),
  (889, 40, 'Jarok'),
  (890, 56, 'Jarovnice'),
  (891, 48, 'Jasenica'),
  (892, 10, 'Jasenie'),
  (893, 62, 'Jasenov'),
  (894, 19, 'Jasenov'),
  (895, 14, 'Jasenová'),
  (896, 74, 'Jasenovce'),
  (897, 77, 'Jasenové'),
  (898, 71, 'Jasenovo'),
  (899, 70, 'Jaslovské Bohunice'),
  (900, 23, 'Jasov'),
  (901, 42, 'Jasová'),
  (902, 76, 'Jastrabá'),
  (903, 74, 'Jastrabie nad Topľou'),
  (904, 37, 'Jastrabie pri Michalovciach'),
  (905, 42, 'Jatov'),
  (906, 21, 'Javorina (vojenský obvod)'),
  (907, 71, 'Jazernica'),
  (908, 4, 'Jedlinka'),
  (909, 78, 'Jedľové Kostoľany'),
  (910, 40, 'Jelenec'),
  (911, 16, 'Jelka'),
  (912, 52, 'Jelšava'),
  (913, 40, 'Jelšovce'),
  (914, 33, 'Jelšovec'),
  (915, 62, 'Jenkovce'),
  (916, 53, 'Jesenské'),
  (917, 30, 'Jesenské'),
  (918, 43, 'Ješkova Ves'),
  (919, 53, 'Jestice'),
  (920, 21, 'Jezersko'),
  (921, 54, 'Jovice'),
  (922, 37, 'Jovsa'),
  (923, 30, 'Jur nad Hronom'),
  (924, 66, 'Jurkova Voľa'),
  (925, 15, 'Jurová'),
  (926, 21, 'Jurské'),
  (927, 74, 'Juskova Voľa'),
  (928, 37, 'Kačanov'),
  (929, 16, 'Kajal'),
  (930, 71, 'Kaľamenová'),
  (931, 55, 'Kalameny'),
  (932, 63, 'Kaľava'),
  (933, 58, 'Kalinkovo'),
  (934, 36, 'Kalinov'),
  (935, 46, 'Kalinovo'),
  (936, 30, 'Kalná nad Hronom'),
  (937, 61, 'Kalná Roztoka'),
  (938, 41, 'Kálnica'),
  (939, 66, 'Kalnište'),
  (940, 33, 'Kalonda'),
  (941, 53, 'Kaloša'),
  (942, 23, 'Kalša'),
  (943, 37, 'Kaluža'),
  (944, 67, 'Kamanová'),
  (945, 52, 'Kameňany'),
  (946, 50, 'Kamenec pod Vtáčnikom'),
  (947, 56, 'Kamenica'),
  (948, 19, 'Kamenica nad Cirochou'),
  (949, 42, 'Kamenica nad Hronom'),
  (950, 20, 'Kameničany'),
  (951, 22, 'Kameničná'),
  (952, 42, 'Kamenín'),
  (953, 77, 'Kamenná Poruba'),
  (954, 74, 'Kamenná Poruba'),
  (955, 73, 'Kamenné Kosihy'),
  (956, 42, 'Kamenný Most'),
  (957, 19, 'Kamienka'),
  (958, 64, 'Kamienka'),
  (959, 50, 'Kanianka'),
  (960, 40, 'Kapince'),
  (961, 66, 'Kapišová'),
  (962, 58, 'Kaplna'),
  (963, 49, 'Kapušany'),
  (964, 37, 'Kapušianske Kľačany'),
  (965, 35, 'Karlová'),
  (966, 19, 'Karná'),
  (967, 68, 'Kašov'),
  (968, 70, 'Kátlovce'),
  (969, 60, 'Kátov'),
  (970, 68, 'Kazimír'),
  (971, 23, 'Kecerovce'),
  (972, 23, 'Kecerovský Lipovec'),
  (973, 23, 'Kechnec'),
  (974, 66, 'Kečkovce'),
  (975, 54, 'Kečovo'),
  (976, 49, 'Kendice'),
  (977, 53, 'Kesovce'),
  (978, 30, 'Keť'),
  (979, 21, 'Kežmarok'),
  (980, 73, 'Kiarov'),
  (981, 18, 'Kľačany'),
  (982, 77, 'Kľače'),
  (983, 50, 'Kľačno'),
  (984, 74, 'Kladzany'),
  (985, 75, 'Kľak'),
  (986, 40, 'Klasov'),
  (987, 35, 'Kláštor pod Znievom'),
  (988, 43, 'Klátova Nová Ves'),
  (989, 31, 'Klčov'),
  (990, 73, 'Kleňany'),
  (991, 49, 'Klenov'),
  (992, 61, 'Klenová'),
  (993, 53, 'Klenovec'),
  (994, 48, 'Klieština'),
  (995, 39, 'Klin'),
  (996, 68, 'Klin nad Bodrogom'),
  (997, 22, 'Klížska Nemá'),
  (998, 13, 'Klokoč'),
  (999, 12, 'Klokočov'),
  (1000, 37, 'Klokočov'),
  (1001, 12, 'Klubina'),
  (1002, 15, 'Kľúčovec'),
  (1003, 17, 'Kluknava'),
  (1004, 4, 'Kľušov'),
  (1005, 42, 'Kmeťovo'),
  (1006, 54, 'Kobeliarovo'),
  (1007, 66, 'Kobylnice'),
  (1008, 4, 'Kobyly'),
  (1009, 54, 'Koceľovce'),
  (1010, 19, 'Kochanovce'),
  (1011, 4, 'Kochanovce'),
  (1012, 53, 'Kociha'),
  (1013, 45, 'Kočín-Lančár'),
  (1014, 41, 'Kočovce'),
  (1015, 50, 'Kocurany'),
  (1016, 49, 'Kojatice'),
  (1017, 17, 'Kojšov'),
  (1018, 46, 'Kokava nad Rimavicou'),
  (1019, 49, 'Kokošovce'),
  (1020, 23, 'Kokšov-Bakša'),
  (1021, 64, 'Kolačkov'),
  (1022, 43, 'Kolačno'),
  (1023, 73, 'Koláre'),
  (1024, 11, 'Kolárovice'),
  (1025, 22, 'Kolárovo'),
  (1026, 61, 'Kolbasov'),
  (1027, 65, 'Kolbovce'),
  (1028, 62, 'Kolibabovce'),
  (1029, 40, 'Kolíňany'),
  (1030, 63, 'Kolinovce'),
  (1031, 61, 'Kolonica'),
  (1032, 42, 'Kolta'),
  (1033, 74, 'Komárany'),
  (1034, 22, 'Komárno'),
  (1035, 4, 'Komárov'),
  (1036, 23, 'Komárovce'),
  (1037, 42, 'Komjatice'),
  (1038, 55, 'Komjatná'),
  (1039, 42, 'Komoča'),
  (1040, 67, 'Koniarovce'),
  (1041, 53, 'Konrádovce'),
  (1042, 32, 'Konská'),
  (1043, 77, 'Konská'),
  (1044, 62, 'Koňuš'),
  (1045, 60, 'Kopčany'),
  (1046, 76, 'Kopernica'),
  (1047, 18, 'Koplotovce'),
  (1048, 4, 'Koprivnica'),
  (1049, 2, 'Kordíky'),
  (1050, 66, 'Korejovce'),
  (1051, 12, 'Korňa'),
  (1052, 62, 'Koromľa'),
  (1053, 65, 'Korunková'),
  (1054, 50, 'Koš'),
  (1055, 38, 'Košariská'),
  (1056, 19, 'Košarovce'),
  (1057, 20, 'Košeca'),
  (1058, 20, 'Košecké Podhradie'),
  (1059, 27, 'Košice - mestská časť Barca'),
  (1060, 26, 'Košice - mestská časť Dargovských hrdinov'),
  (1061, 24, 'Košice - mestská časť Džungľa'),
  (1062, 27, 'Košice - mestská časť Juh'),
  (1063, 24, 'Košice - mestská časť Kavečany'),
  (1064, 26, 'Košice - mestská časť Košická Nová Ves'),
  (1065, 27, 'Košice - mestská časť Krásna'),
  (1066, 25, 'Košice - mestská časť Lorinčík'),
  (1067, 25, 'Košice - mestská časť Luník IX'),
  (1068, 25, 'Košice - mestská časť Myslava'),
  (1069, 27, 'Košice - mestská časť Nad jazerom'),
  (1070, 25, 'Košice - mestská časť Pereš'),
  (1071, 25, 'Košice - mestská časť Poľov'),
  (1072, 25, 'Košice - mestská časť Šaca'),
  (1073, 27, 'Košice - mestská časť Šebastovce'),
  (1074, 24, 'Košice - mestská časť Sever'),
  (1075, 25, 'Košice - mestská časť Sídlisko KVP'),
  (1076, 24, 'Košice - mestská časť Sídlisko Ťahanovce'),
  (1077, 24, 'Košice - mestská časť Staré Mesto'),
  (1078, 24, 'Košice - mestská časť Ťahanovce'),
  (1079, 27, 'Košice - mestská časť Vyšné Opátske'),
  (1080, 25, 'Košice - mestská časť Západ'),
  (1081, 24, 'Košice'),
  (1082, 25, 'KOŠICE 2'),
  (1083, 26, 'KOŠICE 3'),
  (1084, 27, 'KOŠICE 4'),
  (1085, 23, 'Košická Belá'),
  (1086, 23, 'Košická Polianka'),
  (1087, 23, 'Košické Oľšany'),
  (1088, 23, 'Košický Klečenov'),
  (1089, 73, 'Kosihovce'),
  (1090, 73, 'Kosihy nad Ipľom'),
  (1091, 19, 'Koškovce'),
  (1092, 70, 'Košolná'),
  (1093, 76, 'Kosorín'),
  (1094, 35, 'Košťany nad Turcom'),
  (1095, 78, 'Kostoľany pod Tribečom'),
  (1096, 48, 'Kostolec'),
  (1097, 34, 'Kostolište'),
  (1098, 58, 'Kostolná pri Dunaji'),
  (1099, 50, 'Kostolná Ves'),
  (1100, 69, 'Kostolná-Záriečie'),
  (1101, 38, 'Kostolné'),
  (1102, 15, 'Kostolné Kračany'),
  (1103, 16, 'Košúty'),
  (1104, 11, 'Kotešová'),
  (1105, 33, 'Kotmanová'),
  (1106, 77, 'Kotrčiná Lúčka'),
  (1107, 79, 'Kováčová'),
  (1108, 54, 'Kováčová 2'),
  (1109, 73, 'Kováčovce'),
  (1110, 59, 'Koválov'),
  (1111, 60, 'Koválovec'),
  (1112, 67, 'Kovarce'),
  (1113, 4, 'Kožany'),
  (1114, 30, 'Kozárovce'),
  (1115, 3, 'Kozelník'),
  (1116, 28, 'Kozí Vrbovok'),
  (1117, 68, 'Kožuchov'),
  (1118, 65, 'Kožuchovce'),
  (1119, 66, 'Kračúnovce'),
  (1120, 76, 'Krahule'),
  (1121, 66, 'Krajná Bystrá'),
  (1122, 66, 'Krajná Poľana'),
  (1123, 66, 'Krajná Porúbka'),
  (1124, 38, 'Krajné'),
  (1125, 66, 'Krajné Čierno'),
  (1126, 45, 'Krakovany'),
  (1127, 53, 'Kráľ'),
  (1128, 2, 'Králiky'),
  (1129, 16, 'Kráľov Brod'),
  (1130, 32, 'Kráľova Lehota'),
  (1131, 57, 'Kráľová nad Váhom'),
  (1132, 58, 'Kráľová pri Senci'),
  (1133, 14, 'Kraľovany'),
  (1134, 23, 'Kráľovce'),
  (1135, 28, 'Kráľovce-Krnišov'),
  (1136, 15, 'Kráľovičove Kračany'),
  (1137, 68, 'Kráľovský Chlmec'),
  (1138, 53, 'Kraskovo'),
  (1139, 56, 'Krásna Lúka'),
  (1140, 1, 'Krásna Ves'),
  (1141, 77, 'Krasňany'),
  (1142, 43, 'Krásno'),
  (1143, 12, 'Krásno nad Kysucou'),
  (1144, 54, 'Krásnohorská Dlhá Lúka'),
  (1145, 54, 'Krásnohorské Podhradie'),
  (1146, 37, 'Krásnovce'),
  (1147, 36, 'Krásny Brod'),
  (1148, 68, 'Kravany'),
  (1149, 47, 'Kravany'),
  (1150, 22, 'Kravany nad Dunajom'),
  (1151, 62, 'Krčava'),
  (1152, 64, 'Kremná'),
  (1153, 76, 'Kremnica'),
  (1154, 76, 'Kremnické Bane'),
  (1155, 65, 'Krišľovce'),
  (1156, 37, 'Krišovská Liesková'),
  (1157, 62, 'Kristy'),
  (1158, 14, 'Krivá'),
  (1159, 13, 'Kriváň'),
  (1160, 56, 'Krivany'),
  (1161, 4, 'Krivé'),
  (1162, 20, 'Krivoklát'),
  (1163, 69, 'Krivosúd-Bodovka'),
  (1164, 4, 'Kríže'),
  (1165, 21, 'Krížová Ves'),
  (1166, 49, 'Krížovany'),
  (1167, 70, 'Križovany nad Dudváhom'),
  (1168, 46, 'Krná'),
  (1169, 67, 'Krnča'),
  (1170, 53, 'Krokava'),
  (1171, 63, 'Krompachy'),
  (1172, 35, 'Krpeľany'),
  (1173, 30, 'Krškany'),
  (1174, 67, 'Krtovce'),
  (1175, 65, 'Kručov'),
  (1176, 28, 'Krupina'),
  (1177, 39, 'Krušetnica'),
  (1178, 65, 'Krušinec'),
  (1179, 67, 'Krušovce'),
  (1180, 4, 'Kružlov'),
  (1181, 66, 'Kružlová'),
  (1182, 54, 'Kružná'),
  (1183, 53, 'Kružno'),
  (1184, 1, 'Kšinná'),
  (1185, 30, 'Kubáňovo'),
  (1186, 34, 'Kuchyňa'),
  (1187, 74, 'Kučín'),
  (1188, 4, 'Kučín'),
  (1189, 59, 'Kuklov'),
  (1190, 66, 'Kuková'),
  (1191, 30, 'Kukučínov'),
  (1192, 77, 'Kunerad'),
  (1193, 76, 'Kunešov'),
  (1194, 54, 'Kunova Teplica'),
  (1195, 30, 'Kuraľany'),
  (1196, 4, 'Kurima'),
  (1197, 31, 'Kurimany'),
  (1198, 66, 'Kurimka'),
  (1199, 4, 'Kurov'),
  (1200, 37, 'Kusín'),
  (1201, 15, 'Kútniky'),
  (1202, 59, 'Kúty'),
  (1203, 68, 'Kuzmice'),
  (1204, 49, 'Kvačany'),
  (1205, 32, 'Kvačany'),
  (1206, 74, 'Kvakovce'),
  (1207, 51, 'Kvašov'),
  (1208, 15, 'Kvetoslavov'),
  (1209, 53, 'Kyjatice'),
  (1210, 64, 'Kyjov'),
  (1211, 2, 'Kynceľová'),
  (1212, 23, 'Kysak'),
  (1213, 15, 'Kyselica'),
  (1214, 68, 'Kysta'),
  (1215, 29, 'Kysucké Nové Mesto'),
  (1216, 29, 'Kysucký Lieskovec'),
  (1217, 34, 'Láb'),
  (1218, 28, 'Lackov'),
  (1219, 64, 'Lacková'),
  (1220, 49, 'Lada'),
  (1221, 20, 'Ladce'),
  (1222, 78, 'Ladice'),
  (1223, 68, 'Ladmovce'),
  (1224, 76, 'Ladomerská Vieska'),
  (1225, 61, 'Ladomirov'),
  (1226, 66, 'Ladomirová'),
  (1227, 28, 'Ladzany'),
  (1228, 59, 'Lakšárska Nová Ves'),
  (1229, 4, 'Lascov'),
  (1230, 35, 'Laskár'),
  (1231, 37, 'Laškovce'),
  (1232, 37, 'Lastomír'),
  (1233, 68, 'Lastovce'),
  (1234, 13, 'Látky'),
  (1235, 49, 'Lažany'),
  (1236, 50, 'Lazany'),
  (1237, 32, 'Lazisko'),
  (1238, 51, 'Lazy pod Makytou'),
  (1239, 21, 'Lechnica'),
  (1240, 51, 'Lednica'),
  (1241, 51, 'Lednické Rovne'),
  (1242, 64, 'Legnava'),
  (1243, 15, 'Lehnice'),
  (1244, 40, 'Lehota'),
  (1245, 53, 'Lehota nad Rimavicou'),
  (1246, 50, 'Lehota pod Vtáčnikom'),
  (1247, 33, 'Lehôtka'),
  (1248, 76, 'Lehôtka pod Brehmi'),
  (1249, 62, 'Lekárovce'),
  (1250, 42, 'Leľa'),
  (1251, 68, 'Leles'),
  (1252, 49, 'Lemešany'),
  (1253, 4, 'Lenartov'),
  (1254, 53, 'Lenartovce'),
  (1255, 21, 'Lendak'),
  (1256, 53, 'Lenka'),
  (1257, 33, 'Lentvora'),
  (1258, 18, 'Leopoldov'),
  (1259, 73, 'Lesenice'),
  (1260, 49, 'Lesíček'),
  (1261, 37, 'Lesné'),
  (1262, 64, 'Lesnica'),
  (1263, 79, 'Lešť (vojenský obvod)'),
  (1264, 14, 'Leštiny'),
  (1265, 63, 'Letanovce'),
  (1266, 60, 'Letničie'),
  (1267, 52, 'Leváre'),
  (1268, 30, 'Levice'),
  (1269, 52, 'Levkuška'),
  (1270, 31, 'Levoča'),
  (1271, 35, 'Ležiachov'),
  (1272, 1, 'Libichava'),
  (1273, 49, 'Ličartovce'),
  (1274, 52, 'Licince'),
  (1275, 72, 'Liesek'),
  (1276, 63, 'Lieskovany'),
  (1277, 79, 'Lieskovec'),
  (1278, 19, 'Lieskovec 2'),
  (1279, 71, 'Liešno'),
  (1280, 50, 'Liešťany'),
  (1281, 77, 'Lietava'),
  (1282, 77, 'Lietavská Lúčka'),
  (1283, 77, 'Lietavská Svinná-Babkov'),
  (1284, 55, 'Likavka'),
  (1285, 44, 'Limbach'),
  (1286, 56, 'Lipany'),
  (1287, 50, 'Lipník'),
  (1288, 49, 'Lipníky'),
  (1289, 42, 'Lipová'),
  (1290, 4, 'Lipová'),
  (1291, 33, 'Lipovany'),
  (1292, 49, 'Lipovce'),
  (1293, 22, 'Lipové'),
  (1294, 53, 'Lipovec'),
  (1295, 35, 'Lipovec'),
  (1296, 54, 'Lipovník'),
  (1297, 67, 'Lipovník'),
  (1298, 32, 'Liptovská Anna'),
  (1299, 32, 'Liptovská Kokava'),
  (1300, 55, 'Liptovská Lúžna'),
  (1301, 55, 'Liptovská Osada'),
  (1302, 32, 'Liptovská Porúbka'),
  (1303, 32, 'Liptovská Sielnica'),
  (1304, 55, 'Liptovská Štiavnica'),
  (1305, 55, 'Liptovská Teplá'),
  (1306, 47, 'Liptovská Teplička'),
  (1307, 32, 'Liptovské Beharovce'),
  (1308, 32, 'Liptovské Kľačany'),
  (1309, 32, 'Liptovské Matiašovce'),
  (1310, 55, 'Liptovské Revúce'),
  (1311, 55, 'Liptovské Sliače'),
  (1312, 32, 'Liptovský Hrádok'),
  (1313, 32, 'Liptovský Ján'),
  (1314, 55, 'Liptovský Michal'),
  (1315, 32, 'Liptovský Mikuláš'),
  (1316, 32, 'Liptovský Ondrej'),
  (1317, 32, 'Liptovský Peter'),
  (1318, 32, 'Liptovský Trnovec'),
  (1319, 55, 'Lisková'),
  (1320, 28, 'Lišov'),
  (1321, 28, 'Litava'),
  (1322, 64, 'Litmanová'),
  (1323, 43, 'Livina'),
  (1324, 43, 'Livinské Opatovce'),
  (1325, 4, 'Livov'),
  (1326, 4, 'Livovská Huta'),
  (1327, 29, 'Lodno'),
  (1328, 30, 'Lok'),
  (1329, 39, 'Lokca'),
  (1330, 10, 'Lom nad Rimavicou'),
  (1331, 39, 'Lomná'),
  (1332, 65, 'Lomné'),
  (1333, 64, 'Lomnička'),
  (1334, 30, 'Lontov'),
  (1335, 60, 'Lopašov'),
  (1336, 4, 'Lopúchov'),
  (1337, 29, 'Lopušné Pažite'),
  (1338, 70, 'Lošonec'),
  (1339, 76, 'Lovča'),
  (1340, 78, 'Lovce'),
  (1341, 76, 'Lovčica-Trubín'),
  (1342, 33, 'Lovinobaňa'),
  (1343, 37, 'Ložín'),
  (1344, 34, 'Lozorno'),
  (1345, 42, 'Ľubá'),
  (1346, 32, 'Ľubeľa'),
  (1347, 52, 'Lubeník'),
  (1348, 21, 'Ľubica'),
  (1349, 2, 'Ľubietová'),
  (1350, 41, 'Lubina'),
  (1351, 19, 'Ľubiša'),
  (1352, 55, 'Ľubochňa'),
  (1353, 33, 'Ľuboreč'),
  (1354, 73, 'Ľuboriečka'),
  (1355, 49, 'Ľubotice'),
  (1356, 64, 'Ľubotín'),
  (1357, 49, 'Ľubovec'),
  (1358, 15, 'Lúč na Ostrove'),
  (1359, 2, 'Lučatín'),
  (1360, 33, 'Lučenec'),
  (1361, 49, 'Lúčina'),
  (1362, 47, 'Lučivná'),
  (1363, 31, 'Lúčka'),
  (1364, 66, 'Lúčka'),
  (1365, 54, 'Lúčka'),
  (1366, 56, 'Lúčka'),
  (1367, 76, 'Lúčky'),
  (1368, 37, 'Lúčky'),
  (1369, 55, 'Lúčky'),
  (1370, 40, 'Lúčnica nad Žitavou'),
  (1371, 67, 'Ludanice'),
  (1372, 40, 'Ľudovítová'),
  (1373, 55, 'Ludrová'),
  (1374, 68, 'Luhyňa'),
  (1375, 41, 'Lúka'),
  (1376, 19, 'Lukačovce'),
  (1377, 40, 'Lukáčovce'),
  (1378, 79, 'Lukavica'),
  (1379, 4, 'Lukavica'),
  (1380, 4, 'Lukov'),
  (1381, 53, 'Lukovištia'),
  (1382, 51, 'Lúky'),
  (1383, 30, 'Lula'),
  (1384, 33, 'Lupoč'),
  (1385, 76, 'Lutila'),
  (1386, 56, 'Ľutina'),
  (1387, 77, 'Lutiše'),
  (1388, 1, 'Ľutov'),
  (1389, 67, 'Lužany'),
  (1390, 66, 'Lužany pri Topli'),
  (1391, 40, 'Lužianky'),
  (1392, 51, 'Lysá pod Makytou'),
  (1393, 77, 'Lysica'),
  (1394, 78, 'Machulince'),
  (1395, 15, 'Macov'),
  (1396, 15, 'Mad'),
  (1397, 18, 'Madunice'),
  (1398, 52, 'Magnezitovce'),
  (1399, 70, 'Majcichov'),
  (1400, 21, 'Majere'),
  (1401, 74, 'Majerovce'),
  (1402, 12, 'Makov'),
  (1403, 65, 'Makovce'),
  (1404, 73, 'Malá Čalomija'),
  (1405, 50, 'Malá Čausa'),
  (1406, 77, 'Malá Čierna'),
  (1407, 74, 'Malá Domaša'),
  (1408, 21, 'Malá Franková'),
  (1409, 1, 'Malá Hradná'),
  (1410, 23, 'Malá Ida'),
  (1411, 75, 'Malá Lehota'),
  (1412, 23, 'Malá Lodina'),
  (1413, 42, 'Malá nad Hronom'),
  (1414, 65, 'Malá Poľana'),
  (1415, 68, 'Malá Tŕňa'),
  (1416, 2, 'Malachov'),
  (1417, 34, 'Malacky'),
  (1418, 30, 'Málaš'),
  (1419, 14, 'Malatiná'),
  (1420, 32, 'Malatíny'),
  (1421, 37, 'Malčice'),
  (1422, 4, 'Malcov'),
  (1423, 32, 'Malé Borové'),
  (1424, 40, 'Malé Chyndice'),
  (1425, 15, 'Malé Dvorníky'),
  (1426, 1, 'Malé Hoste'),
  (1427, 42, 'Malé Kosihy'),
  (1428, 30, 'Malé Kozmálovce'),
  (1429, 43, 'Malé Kršteňany'),
  (1430, 48, 'Malé Lednice'),
  (1431, 34, 'Malé Leváre'),
  (1432, 30, 'Malé Ludince'),
  (1433, 68, 'Malé Ozorovce'),
  (1434, 37, 'Malé Raškovce'),
  (1435, 67, 'Malé Ripňany'),
  (1436, 73, 'Malé Straciny'),
  (1437, 68, 'Malé Trakany'),
  (1438, 43, 'Malé Uherce'),
  (1439, 78, 'Malé Vozokany'),
  (1440, 40, 'Malé Zálužie'),
  (1441, 73, 'Malé Zlievce'),
  (1442, 46, 'Málinec'),
  (1443, 50, 'Malinová'),
  (1444, 58, 'Malinovo'),
  (1445, 32, 'Malužiná'),
  (1446, 71, 'Malý Čepčín'),
  (1447, 40, 'Malý Cetín'),
  (1448, 68, 'Malý Horeš'),
  (1449, 68, 'Malý Kamenec'),
  (1450, 73, 'Malý Krtíš'),
  (1451, 40, 'Malý Lapáš'),
  (1452, 64, 'Malý Lipník'),
  (1453, 49, 'Malý Šariš'),
  (1454, 21, 'Malý Slavkov'),
  (1455, 49, 'Malý Slivník'),
  (1456, 70, 'Malženice'),
  (1457, 42, 'Maňa'),
  (1458, 78, 'Mankovce'),
  (1459, 22, 'Marcelová'),
  (1460, 17, 'Margecany'),
  (1461, 4, 'Marhaň'),
  (1462, 34, 'Marianka'),
  (1463, 37, 'Markovce'),
  (1464, 54, 'Markuška'),
  (1465, 63, 'Markušovce'),
  (1466, 11, 'Maršová-Rašov'),
  (1467, 35, 'Martin'),
  (1468, 78, 'Martin nad Žitavou'),
  (1469, 55, 'Martinček'),
  (1470, 53, 'Martinová'),
  (1471, 22, 'Martovce'),
  (1472, 33, 'Mašková'),
  (1473, 19, 'Maškovce'),
  (1474, 63, 'Matejovce nad Hornádom'),
  (1475, 74, 'Matiaška'),
  (1476, 21, 'Matiašovce'),
  (1477, 66, 'Matovce'),
  (1478, 37, 'Maťovské Vojkovce'),
  (1479, 64, 'Matysová'),
  (1480, 28, 'Medovarce'),
  (1481, 66, 'Medvedie'),
  (1482, 15, 'Medveďov'),
  (1483, 49, 'Medzany'),
  (1484, 23, 'Medzev'),
  (1485, 74, 'Medzianky'),
  (1486, 2, 'Medzibrod'),
  (1487, 14, 'Medzibrodie nad Oravou'),
  (1488, 36, 'Medzilaborce'),
  (1489, 69, 'Melčice-Lieskové'),
  (1490, 40, 'Melek'),
  (1491, 54, 'Meliata'),
  (1492, 47, 'Mengusovce'),
  (1493, 18, 'Merašice'),
  (1494, 74, 'Merník'),
  (1495, 51, 'Mestečko'),
  (1496, 66, 'Mestisko'),
  (1497, 66, 'Mičakovce'),
  (1498, 61, 'Michajlov'),
  (1499, 15, 'Michal na Ostrove'),
  (1500, 42, 'Michal nad Žitavou'),
  (1501, 68, 'Michaľany'),
  (1502, 79, 'Michalková'),
  (1503, 74, 'Michalok'),
  (1504, 10, 'Michalová'),
  (1505, 37, 'Michalovce'),
  (1506, 15, 'Mierovo'),
  (1507, 1, 'Miezgovce'),
  (1508, 49, 'Miklušovce'),
  (1509, 65, 'Miková'),
  (1510, 4, 'Mikulášová'),
  (1511, 33, 'Mikušovce'),
  (1512, 20, 'Mikušovce'),
  (1513, 23, 'Milhosť'),
  (1514, 58, 'Miloslavov'),
  (1515, 56, 'Milpoš'),
  (1516, 65, 'Miňovce'),
  (1517, 49, 'Mirkovce'),
  (1518, 66, 'Miroľa'),
  (1519, 46, 'Mládzovo'),
  (1520, 66, 'Mlynárovce'),
  (1521, 21, 'Mlynčeky'),
  (1522, 47, 'Mlynica'),
  (1523, 63, 'Mlynky'),
  (1524, 69, 'Mníchova Lehota'),
  (1525, 17, 'Mníšek nad Hnilcom'),
  (1526, 64, 'Mníšek nad Popradom'),
  (1527, 22, 'Moča'),
  (1528, 57, 'Močenok'),
  (1529, 3, 'Močiar'),
  (1530, 44, 'Modra'),
  (1531, 19, 'Modra nad Cirochou'),
  (1532, 22, 'Modrany'),
  (1533, 41, 'Modrová'),
  (1534, 41, 'Modrovka'),
  (1535, 73, 'Modrý Kameň'),
  (1536, 40, 'Mojmírovce'),
  (1537, 77, 'Mojš'),
  (1538, 51, 'Mojtín'),
  (1539, 42, 'Mojzesovo'),
  (1540, 52, 'Mokrá Lúka'),
  (1541, 23, 'Mokrance'),
  (1542, 4, 'Mokroluh'),
  (1543, 60, 'Mokrý Háj'),
  (1544, 2, 'Môlča'),
  (1545, 23, 'Moldava nad Bodvou'),
  (1546, 37, 'Moravany'),
  (1547, 45, 'Moravany nad Váhom'),
  (1548, 41, 'Moravské Lieskové'),
  (1549, 59, 'Moravský Svätý Ján'),
  (1550, 71, 'Moškovec'),
  (1551, 71, 'Mošovce'),
  (1552, 58, 'Most pri Bratislave'),
  (1553, 2, 'Moštenica'),
  (1554, 16, 'Mostová'),
  (1555, 49, 'Mošurov'),
  (1556, 69, 'Motešice'),
  (1557, 2, 'Motyčky'),
  (1558, 65, 'Mrázovce'),
  (1559, 33, 'Mučín'),
  (1560, 22, 'Mudroňovo'),
  (1561, 23, 'Mudrovce'),
  (1562, 73, 'Muľa'),
  (1563, 52, 'Muráň'),
  (1564, 52, 'Muránska Dlhá Lúka'),
  (1565, 52, 'Muránska Huta'),
  (1566, 52, 'Muránska Lehota'),
  (1567, 52, 'Muránska Zdychava'),
  (1568, 39, 'Mútne'),
  (1569, 42, 'Mužla'),
  (1570, 38, 'Myjava'),
  (1571, 19, 'Myslina'),
  (1572, 33, 'Mýtna'),
  (1573, 30, 'Mýtne Ludany'),
  (1574, 10, 'Mýto pod Ďumbierom'),
  (1575, 37, 'Nacina Ves'),
  (1576, 43, 'Nadlice'),
  (1577, 36, 'Ňagov'),
  (1578, 70, 'Naháč'),
  (1579, 17, 'Nálepkovo'),
  (1580, 39, 'Námestovo'),
  (1581, 42, 'Nána'),
  (1582, 52, 'Nandraž'),
  (1583, 15, 'Ňárad'),
  (1584, 19, 'Nechválova  Polianka'),
  (1585, 35, 'Necpaly'),
  (1586, 43, 'Nedanovce'),
  (1587, 1, 'Nedašovce'),
  (1588, 57, 'Neded'),
  (1589, 77, 'Nededza'),
  (1590, 50, 'Nedožery-Brezany'),
  (1591, 2, 'Nemce'),
  (1592, 67, 'Nemčice'),
  (1593, 78, 'Nemčiňany'),
  (1594, 49, 'Nemcovce'),
  (1595, 4, 'Nemcovce'),
  (1596, 10, 'Nemecká'),
  (1597, 67, 'Nemečky'),
  (1598, 31, 'Nemešany'),
  (1599, 69, 'Nemšová'),
  (1600, 73, 'Nenince'),
  (1601, 69, 'Neporadza'),
  (1602, 53, 'Neporadza'),
  (1603, 29, 'Nesluša'),
  (1604, 22, 'Nesvady'),
  (1605, 78, 'Neverice'),
  (1606, 78, 'Nevidzany'),
  (1607, 50, 'Nevidzany'),
  (1608, 76, 'Nevoľné'),
  (1609, 77, 'Nezbudská Lúčka'),
  (1610, 51, 'Nimnica'),
  (1611, 40, 'Nitra'),
  (1612, 33, 'Nitra nad Ipľom'),
  (1613, 67, 'Nitrianska Blatnica'),
  (1614, 67, 'Nitrianska Streda'),
  (1615, 40, 'Nitrianske Hrnčiarovce'),
  (1616, 50, 'Nitrianske Pravno'),
  (1617, 50, 'Nitrianske Rudno'),
  (1618, 50, 'Nitrianske Sučany'),
  (1619, 50, 'Nitrica'),
  (1620, 72, 'Nižná'),
  (1621, 45, 'Nižná'),
  (1622, 32, 'Nižná Boca'),
  (1623, 23, 'Nižná Hutka'),
  (1624, 19, 'Nižná Jablonka'),
  (1625, 66, 'Nižná Jedľová'),
  (1626, 23, 'Nižná Kamenica'),
  (1627, 23, 'Nižná Myšľa'),
  (1628, 65, 'Nižná Olšava'),
  (1629, 66, 'Nižná Pisaná'),
  (1630, 4, 'Nižná Polianka'),
  (1631, 62, 'Nižná Rybnica'),
  (1632, 19, 'Nižná Sitnica'),
  (1633, 54, 'Nižná Slaná'),
  (1634, 4, 'Nižná Voľa'),
  (1635, 19, 'Nižné Ladičkovce'),
  (1636, 62, 'Nižné Nemecké'),
  (1637, 31, 'Nižné Repaše'),
  (1638, 64, 'Nižné Ružbachy'),
  (1639, 23, 'Nižný Čaj'),
  (1640, 74, 'Nižný Hrabovec'),
  (1641, 74, 'Nižný Hrušov'),
  (1642, 23, 'Nižný Klátov'),
  (1643, 66, 'Nižný Komárnik'),
  (1644, 74, 'Nižný Kručov'),
  (1645, 23, 'Nižný Lánec'),
  (1646, 66, 'Nižný Mirošov'),
  (1647, 66, 'Nižný Orlík'),
  (1648, 53, 'Nižný Skálnik'),
  (1649, 56, 'Nižný Slavkov'),
  (1650, 4, 'Nižný Tvarožec'),
  (1651, 68, 'Nižný Žipov'),
  (1652, 35, 'Nolčovo'),
  (1653, 67, 'Norovce'),
  (1654, 75, 'Nová Baňa'),
  (1655, 53, 'Nová Bašta'),
  (1656, 41, 'Nová Bošáca'),
  (1657, 12, 'Nová Bystrica'),
  (1658, 30, 'Nová Dedina'),
  (1659, 58, 'Nová Dedinka'),
  (1660, 20, 'Nová Dubnica'),
  (1661, 74, 'Nová Kelča'),
  (1662, 41, 'Nová Lehota'),
  (1663, 47, 'Nová Lesná'),
  (1664, 64, 'Nová Ľubovňa'),
  (1665, 23, 'Nová Polhora'),
  (1666, 66, 'Nová Polianka'),
  (1667, 61, 'Nová Sedlica'),
  (1668, 73, 'Nová Ves'),
  (1669, 41, 'Nová Ves nad Váhom'),
  (1670, 40, 'Nová Ves nad Žitavou'),
  (1671, 42, 'Nová Vieska'),
  (1672, 23, 'Nováčany'),
  (1673, 50, 'Nováky'),
  (1674, 46, 'Nové Hony'),
  (1675, 41, 'Nové Mesto nad Váhom'),
  (1676, 40, 'Nové Sady'),
  (1677, 42, 'Nové Zámky'),
  (1678, 68, 'Novosad'),
  (1679, 39, 'Novoť'),
  (1680, 68, 'Nový Ruskov'),
  (1681, 23, 'Nový Salaš'),
  (1682, 30, 'Nový Tekov'),
  (1683, 15, 'Nový Život'),
  (1684, 30, 'Nýrovce'),
  (1685, 73, 'Obeckov'),
  (1686, 23, 'Obišovce'),
  (1687, 37, 'Oborín'),
  (1688, 64, 'Obručné'),
  (1689, 78, 'Obyce'),
  (1690, 29, 'Ochodnica'),
  (1691, 54, 'Ochtiná'),
  (1692, 41, 'Očkov'),
  (1693, 79, 'Očová'),
  (1694, 63, 'Odorín'),
  (1695, 15, 'Ohrady'),
  (1696, 19, 'Ohradzany'),
  (1697, 15, 'Okoč'),
  (1698, 22, 'Okoličná na Ostrove'),
  (1699, 66, 'Okrúhle'),
  (1700, 49, 'Okružná'),
  (1701, 63, 'Olcnava'),
  (1702, 15, 'Oľdza'),
  (1703, 56, 'Olejníkov'),
  (1704, 12, 'Olešná'),
  (1705, 36, 'Oľka'),
  (1706, 73, 'Olováry'),
  (1707, 4, 'Oľšavce'),
  (1708, 31, 'Oľšavica'),
  (1709, 63, 'Oľšavka'),
  (1710, 65, 'Oľšavka'),
  (1711, 36, 'Oľšinkov'),
  (1712, 56, 'Oľšov'),
  (1713, 23, 'Olšovany'),
  (1714, 1, 'Omastiná'),
  (1715, 69, 'Omšenie'),
  (1716, 4, 'Ondavka'),
  (1717, 74, 'Ondavské Matiašovce'),
  (1718, 71, 'Ondrašová'),
  (1719, 49, 'Ondrašovce'),
  (1720, 30, 'Ondrejovce'),
  (1721, 23, 'Opátka'),
  (1722, 69, 'Opatovce'),
  (1723, 50, 'Opatovce nad Nitrou'),
  (1724, 73, 'Opatovská Nová Ves'),
  (1725, 73, 'Opava'),
  (1726, 23, 'Opiná'),
  (1727, 70, 'Opoj'),
  (1728, 67, 'Oponice'),
  (1729, 2, 'Oravce'),
  (1730, 53, 'Orávka'),
  (1731, 39, 'Oravská Jasenica'),
  (1732, 39, 'Oravská Lesná'),
  (1733, 39, 'Oravská Polhora'),
  (1734, 14, 'Oravská Poruba'),
  (1735, 39, 'Oravské Veselé'),
  (1736, 72, 'Oravský Biely Potok'),
  (1737, 14, 'Oravský Podzámok'),
  (1738, 31, 'Ordzovany'),
  (1739, 62, 'Orechová'),
  (1740, 15, 'Orechová Potôň'),
  (1741, 67, 'Orešany'),
  (1742, 37, 'Oreské'),
  (1743, 60, 'Oreské'),
  (1744, 56, 'ORKUCANY'),
  (1745, 64, 'Orlov'),
  (1746, 75, 'Orovnica'),
  (1747, 4, 'Ortuťová'),
  (1748, 14, 'Osádka'),
  (1749, 61, 'Osadné'),
  (1750, 12, 'Oščadnica'),
  (1751, 4, 'Osikov'),
  (1752, 50, 'Oslany'),
  (1753, 10, 'Osrblie'),
  (1754, 79, 'Ostrá Lúka'),
  (1755, 43, 'Ostratice'),
  (1756, 45, 'Ostrov'),
  (1757, 62, 'Ostrov'),
  (1758, 56, 'Ostrovany'),
  (1759, 75, 'Ostrý Grúň'),
  (1760, 21, 'Osturňa'),
  (1761, 59, 'Osuské'),
  (1762, 1, 'Otrhánky'),
  (1763, 52, 'Otročok'),
  (1764, 77, 'Ovčiarsko'),
  (1765, 49, 'Ovčie'),
  (1766, 53, 'Ožďany'),
  (1767, 46, 'Ozdín'),
  (1768, 54, 'Pača'),
  (1769, 15, 'Padáň'),
  (1770, 53, 'Padarovce'),
  (1771, 19, 'Pakostov'),
  (1772, 42, 'Palárikovo'),
  (1773, 37, 'Palín'),
  (1774, 36, 'Palota'),
  (1775, 40, 'Paňa'),
  (1776, 33, 'Panické Dravce'),
  (1777, 23, 'Paňovce'),
  (1778, 19, 'Papín'),
  (1779, 48, 'Papradno'),
  (1780, 68, 'Parchovany'),
  (1781, 61, 'Parihuzovce'),
  (1782, 14, 'Párnica'),
  (1783, 32, 'Partizánska Ľupča'),
  (1784, 43, 'Partizánske'),
  (1785, 54, 'Pašková'),
  (1786, 77, 'Paština Závada'),
  (1787, 30, 'Pastovce'),
  (1788, 18, 'Pastuchov'),
  (1789, 16, 'Pata'),
  (1790, 15, 'Pataš'),
  (1791, 22, 'Patince'),
  (1792, 32, 'Pavčina Lehota'),
  (1793, 31, 'Pavľany'),
  (1794, 70, 'Pavlice'),
  (1795, 42, 'Pavlová'),
  (1796, 32, 'Pavlova Ves'),
  (1797, 53, 'Pavlovce'),
  (1798, 74, 'Pavlovce'),
  (1799, 37, 'Pavlovce nad Uhom'),
  (1800, 43, 'Pažiť'),
  (1801, 61, 'Pčoliné'),
  (1802, 45, 'Pečeňady'),
  (1803, 1, 'Pečeňany'),
  (1804, 30, 'Pečenice'),
  (1805, 56, 'Pečovská Nová Ves'),
  (1806, 23, 'Peder'),
  (1807, 23, 'Perín-Chym'),
  (1808, 34, 'Pernek'),
  (1809, 74, 'Petkovce'),
  (1810, 37, 'Petrikovce'),
  (1811, 4, 'Petrová'),
  (1812, 69, 'Petrova Lehota'),
  (1813, 60, 'Petrova Ves'),
  (1814, 49, 'Petrovany'),
  (1815, 62, 'Petrovce'),
  (1816, 53, 'Petrovce'),
  (1817, 74, 'Petrovce'),
  (1818, 37, 'Petrovce nad Laborcom'),
  (1819, 11, 'Petrovice'),
  (1820, 54, 'Petrovo'),
  (1821, 44, 'Pezinok'),
  (1822, 61, 'Pichne'),
  (1823, 45, 'Piešťany'),
  (1824, 44, 'Píla'),
  (1825, 33, 'Píla'),
  (1826, 75, 'Píla'),
  (1827, 46, 'Pinciná'),
  (1828, 62, 'Pinkovce'),
  (1829, 74, 'Piskorovce'),
  (1830, 76, 'Pitelová'),
  (1831, 30, 'Plášťovce'),
  (1832, 30, 'Plavé Vozokany'),
  (1833, 64, 'Plaveč'),
  (1834, 34, 'Plavecké Podhradie'),
  (1835, 34, 'Plavecký Mikuláš'),
  (1836, 59, 'Plavecký Peter'),
  (1837, 34, 'Plavecký Štvrtok'),
  (1838, 64, 'Plavnica'),
  (1839, 68, 'Plechotice'),
  (1840, 33, 'Pleš'),
  (1841, 54, 'Plešivec'),
  (1842, 48, 'Plevník-Drienové'),
  (1843, 79, 'Pliešovce'),
  (1844, 23, 'Ploské'),
  (1845, 52, 'Ploské'),
  (1846, 41, 'Pobedim'),
  (1847, 48, 'Počarová'),
  (1848, 1, 'Pochabany'),
  (1849, 3, 'Počúvadlo'),
  (1850, 72, 'Podbiel'),
  (1851, 59, 'Podbranč'),
  (1852, 10, 'Podbrezová'),
  (1853, 42, 'Podhájska'),
  (1854, 49, 'Podhorany'),
  (1855, 40, 'Podhorany'),
  (1856, 21, 'Podhorany'),
  (1857, 77, 'Podhorie'),
  (1858, 3, 'Podhorie'),
  (1859, 62, 'Podhoroď'),
  (1860, 67, 'Podhradie'),
  (1861, 50, 'Podhradie'),
  (1862, 35, 'Podhradie'),
  (1863, 49, 'Podhradík'),
  (1864, 2, 'Podkonice'),
  (1865, 13, 'Podkriváň'),
  (1866, 38, 'Podkylava'),
  (1867, 1, 'Podlužany'),
  (1868, 30, 'Podlužany'),
  (1869, 41, 'Podolie'),
  (1870, 64, 'Podolínec'),
  (1871, 33, 'Podrečany'),
  (1872, 48, 'Podskalie'),
  (1873, 32, 'Podtureň'),
  (1874, 12, 'Podvysoká'),
  (1875, 79, 'Podzámčok'),
  (1876, 10, 'Pohorelá'),
  (1877, 40, 'Pohranice'),
  (1878, 10, 'Pohronská Polhora'),
  (1879, 2, 'Pohronský Bukovec'),
  (1880, 30, 'Pohronský Ruskov'),
  (1881, 14, 'Pokryváč'),
  (1882, 31, 'Poľanovce'),
  (1883, 68, 'Poľany'),
  (1884, 4, 'Poliakovce'),
  (1885, 38, 'Polianka'),
  (1886, 33, 'Polichno'),
  (1887, 52, 'Polina'),
  (1888, 40, 'Poľný Kesov'),
  (1889, 56, 'Poloma'),
  (1890, 10, 'Polomka'),
  (1891, 46, 'Poltár'),
  (1892, 50, 'Poluvsie'),
  (1893, 31, 'Pongrácovce'),
  (1894, 2, 'Poniky'),
  (1895, 47, 'Poprad'),
  (1896, 23, 'Poproč'),
  (1897, 53, 'Poproč'),
  (1898, 60, 'Popudinské Močidľany'),
  (1899, 63, 'Poráč'),
  (1900, 38, 'Poriadie'),
  (1901, 62, 'Porostov'),
  (1902, 50, 'Poruba'),
  (1903, 37, 'Poruba pod Vihorlatom'),
  (1904, 19, 'Porúbka'),
  (1905, 62, 'Porúbka'),
  (1906, 4, 'Porúbka'),
  (1907, 77, 'Porúbka'),
  (1908, 74, 'Poša'),
  (1909, 65, 'Potôčky'),
  (1910, 53, 'Potok'),
  (1911, 55, 'Potok'),
  (1912, 65, 'Potoky'),
  (1913, 73, 'Pôtor'),
  (1914, 41, 'Potvorice'),
  (1915, 41, 'Považany'),
  (1916, 48, 'Považská Bystrica'),
  (1917, 29, 'Povina'),
  (1918, 15, 'Povoda'),
  (1919, 2, 'Povrazník'),
  (1920, 42, 'Pozba'),
  (1921, 37, 'Pozdišovce'),
  (1922, 33, 'Praha'),
  (1923, 17, 'Prakovce'),
  (1924, 67, 'Prašice'),
  (1925, 45, 'Prašník'),
  (1926, 50, 'Pravenec'),
  (1927, 73, 'Pravica'),
  (1928, 1, 'Pravotice'),
  (1929, 67, 'Práznovce'),
  (1930, 48, 'Prečín'),
  (1931, 10, 'Predajná'),
  (1932, 11, 'Predmier'),
  (1933, 3, 'Prenčov'),
  (1934, 67, 'Preseľany'),
  (1935, 49, 'Prešov'),
  (1936, 76, 'Prestavlky'),
  (1937, 73, 'Príbelce'),
  (1938, 68, 'Pribeník'),
  (1939, 22, 'Pribeta'),
  (1940, 14, 'Pribiš'),
  (1941, 35, 'Príbovce'),
  (1942, 32, 'Pribylina'),
  (1943, 2, 'Priechod'),
  (1944, 62, 'Priekopa'),
  (1945, 38, 'Priepasné'),
  (1946, 59, 'Prietrž'),
  (1947, 60, 'Prietržka'),
  (1948, 59, 'Prievaly'),
  (1949, 50, 'Prievidza'),
  (1950, 52, 'Prihradzany'),
  (1951, 66, 'Príkra'),
  (1952, 61, 'Príslop'),
  (1953, 19, 'Prituľany'),
  (1954, 49, 'Proč'),
  (1955, 76, 'Prochot'),
  (1956, 74, 'Prosačov'),
  (1957, 32, 'Prosiek'),
  (1958, 33, 'Prša'),
  (1959, 20, 'Pruské'),
  (1960, 1, 'Prusy'),
  (1961, 48, 'Pružina'),
  (1962, 66, 'Pstriná'),
  (1963, 19, 'Ptičie'),
  (1964, 37, 'Ptrukša'),
  (1965, 51, 'Púchov'),
  (1966, 14, 'Pucov'),
  (1967, 30, 'Pukanec'),
  (1968, 49, 'Pušovce'),
  (1969, 37, 'Pusté Čemerné'),
  (1970, 64, 'Pusté Pole'),
  (1971, 16, 'Pusté Sady'),
  (1972, 16, 'Pusté Úľany'),
  (1973, 39, 'Rabča'),
  (1974, 39, 'Rabčice'),
  (1975, 68, 'Rad'),
  (1976, 49, 'Radatice'),
  (1977, 42, 'Radava'),
  (1978, 60, 'Radimov'),
  (1979, 53, 'Radnovce'),
  (1980, 50, 'Radobica'),
  (1981, 29, 'Radoľa'),
  (1982, 66, 'Radoma'),
  (1983, 67, 'Radošina'),
  (1984, 70, 'Radošovce'),
  (1985, 60, 'Radošovce'),
  (1986, 12, 'Radôstka'),
  (1987, 22, 'Radvaň nad Dunajom'),
  (1988, 36, 'Radvaň nad Laborcom'),
  (1989, 74, 'Radvanovce'),
  (1990, 33, 'Radzovce'),
  (1991, 74, 'Rafajovce'),
  (1992, 67, 'Rajčany'),
  (1993, 77, 'Rajec'),
  (1994, 77, 'Rajecká Lesná'),
  (1995, 77, 'Rajecké Teplice'),
  (1996, 52, 'Rákoš'),
  (1997, 23, 'Rákoš'),
  (1998, 12, 'Raková'),
  (1999, 66, 'Rakovčík'),
  (2000, 37, 'Rakovec nad Ondavou'),
  (2001, 45, 'Rakovice'),
  (2002, 54, 'Rakovnica'),
  (2003, 35, 'Rakovo'),
  (2004, 71, 'Rakša'),
  (2005, 21, 'Rakúsy'),
  (2006, 53, 'Rakytník'),
  (2007, 23, 'Rankovce'),
  (2008, 33, 'Rapovce'),
  (2009, 52, 'Rašice'),
  (2010, 4, 'Raslavice'),
  (2011, 42, 'Rastislavice'),
  (2012, 33, 'Ratka'),
  (2013, 52, 'Ratková'),
  (2014, 18, 'Ratkovce'),
  (2015, 35, 'Ratkovo'),
  (2016, 53, 'Ratkovská Lehota'),
  (2017, 53, 'Ratkovská Suchá'),
  (2018, 52, 'Ratkovské Bystré'),
  (2019, 45, 'Ratnovce'),
  (2020, 56, 'Ratvaj'),
  (2021, 56, 'Ražňany'),
  (2022, 50, 'Ráztočno'),
  (2023, 10, 'Ráztoka'),
  (2024, 58, 'Reca'),
  (2025, 4, 'Regetovka'),
  (2026, 54, 'Rejdová'),
  (2027, 21, 'Reľov'),
  (2028, 74, 'Remeniny'),
  (2029, 62, 'Remetské Hámre'),
  (2030, 56, 'Renčišov'),
  (2031, 36, 'Repejov'),
  (2032, 76, 'Repište'),
  (2033, 23, 'Rešica'),
  (2034, 4, 'Rešov'),
  (2035, 52, 'Revúca'),
  (2036, 52, 'Revúcka Lehota'),
  (2037, 17, 'Richnava'),
  (2038, 4, 'Richvald'),
  (2039, 2, 'Riečka'),
  (2040, 53, 'Riečka'),
  (2041, 53, 'Rimavská Baňa'),
  (2042, 53, 'Rimavská Seč'),
  (2043, 53, 'Rimavská Sobota'),
  (2044, 53, 'Rimavské Brezovo'),
  (2045, 53, 'Rimavské Janovce'),
  (2046, 53, 'Rimavské Zalužany'),
  (2047, 40, 'Rišňovce'),
  (2048, 54, 'Rochovce'),
  (2049, 59, 'Rohov'),
  (2050, 15, 'Rohovce'),
  (2051, 19, 'Rohožník'),
  (2052, 34, 'Rohožník'),
  (2053, 49, 'Rokycany'),
  (2054, 4, 'Rokytov'),
  (2055, 19, 'Rokytov pri Humennom'),
  (2056, 36, 'Rokytovce'),
  (2057, 77, 'Rosina'),
  (2058, 36, 'Roškovce'),
  (2059, 54, 'Roštár'),
  (2060, 59, 'Rovensko'),
  (2061, 58, 'Rovinka'),
  (2062, 46, 'Rovňany'),
  (2063, 53, 'Rovné'),
  (2064, 19, 'Rovné'),
  (2065, 66, 'Rovné'),
  (2066, 23, 'Rozhanovce'),
  (2067, 56, 'Rožkovany'),
  (2068, 54, 'Rozložná'),
  (2069, 54, 'Rožňava'),
  (2070, 54, 'Rožňavské Bystré'),
  (2071, 66, 'Roztoky'),
  (2072, 42, 'Rúbaň'),
  (2073, 29, 'Rudina'),
  (2074, 29, 'Rudinka'),
  (2075, 29, 'Rudinská'),
  (2076, 74, 'Rudlov'),
  (2077, 54, 'Rudná'),
  (2078, 63, 'Rudňany'),
  (2079, 50, 'Rudnianska Lehota'),
  (2080, 38, 'Rudník'),
  (2081, 23, 'Rudník'),
  (2082, 71, 'Rudno'),
  (2083, 75, 'Rudno nad Hronom'),
  (2084, 40, 'Rumanová'),
  (2085, 53, 'Rumince'),
  (2086, 61, 'Runina'),
  (2087, 37, 'Ruská'),
  (2088, 62, 'Ruská Bystrá'),
  (2089, 19, 'Ruská Kajňa'),
  (2090, 49, 'Ruská Nová Ves'),
  (2091, 19, 'Ruská Poruba'),
  (2092, 74, 'Ruská Voľa'),
  (2093, 64, 'Ruská Voľa nad Popradom'),
  (2094, 61, 'Ruská Volová'),
  (2095, 23, 'Ruskov'),
  (2096, 62, 'Ruskovce'),
  (2097, 1, 'Ruskovce'),
  (2098, 62, 'RUSKÝ HRABOVEC'),
  (2099, 61, 'Ruský Potok'),
  (2100, 33, 'Ružiná'),
  (2101, 70, 'Ružindol'),
  (2102, 55, 'Ružomberok'),
  (2103, 1, 'Rybany'),
  (2104, 59, 'Rybky'),
  (2105, 30, 'Rybník'),
  (2106, 52, 'Rybník'),
  (2107, 28, 'Rykynčice'),
  (2108, 56, 'Sabinov'),
  (2109, 74, 'Sačurov'),
  (2110, 48, 'Sádočné'),
  (2111, 23, 'Sady nad Torysou'),
  (2112, 30, 'Šahy'),
  (2113, 59, 'Šajdíkove Humence'),
  (2114, 57, 'Šaľa'),
  (2115, 16, 'Šalgočka'),
  (2116, 67, 'Šalgovce'),
  (2117, 42, 'Salka'),
  (2118, 30, 'Šalov'),
  (2119, 64, 'Šambron'),
  (2120, 15, 'Šamorín'),
  (2121, 37, 'Šamudovce'),
  (2122, 65, 'Šandal'),
  (2123, 30, 'Santovka'),
  (2124, 15, 'Sap'),
  (2125, 66, 'Šarbov'),
  (2126, 49, 'Šarišská Poruba'),
  (2127, 49, 'Šarišská Trstená'),
  (2128, 49, 'Šarišské Bohdanovce'),
  (2129, 4, 'Šarišské Čierne'),
  (2130, 56, 'Šarišské Dravce'),
  (2131, 64, 'Šarišské Jastrabie'),
  (2132, 56, 'Šarišské Michaľany'),
  (2133, 56, 'Šarišské Sokolovce'),
  (2134, 66, 'Šarišský Štiavnik'),
  (2135, 42, 'Šarkan'),
  (2136, 30, 'Šarovce'),
  (2137, 52, 'Sása'),
  (2138, 79, 'Sása'),
  (2139, 18, 'Sasinkovo'),
  (2140, 4, 'Šašová'),
  (2141, 59, 'Šaštín-Stráže'),
  (2142, 33, 'Šávoľ'),
  (2143, 30, 'Sazdice'),
  (2144, 28, 'Sebechleby'),
  (2145, 2, 'Sebedín-Bečov'),
  (2146, 50, 'Sebedražie'),
  (2147, 50, 'Seč'),
  (2148, 73, 'Sečianky'),
  (2149, 68, 'Sečovce'),
  (2150, 74, 'Sečovská Polianka'),
  (2151, 14, 'Sedliacka Dubová'),
  (2152, 49, 'Sedlice'),
  (2153, 74, 'Sedliská'),
  (2154, 20, 'Sedmerovec'),
  (2155, 62, 'Sejkov'),
  (2156, 59, 'Sekule'),
  (2157, 73, 'Seľany'),
  (2158, 28, 'Selce'),
  (2159, 2, 'Selce'),
  (2160, 46, 'Selce'),
  (2161, 69, 'Selec'),
  (2162, 57, 'Selice'),
  (2163, 70, 'Šelpice'),
  (2164, 42, 'Semerovo'),
  (2165, 66, 'Šemetkovce'),
  (2166, 23, 'Šemša'),
  (2167, 23, 'Seňa'),
  (2168, 58, 'Senec'),
  (2169, 49, 'Seniakovce'),
  (2170, 59, 'Senica'),
  (2171, 44, 'Šenkvice'),
  (2172, 37, 'Senné'),
  (2173, 73, 'Senné'),
  (2174, 28, 'Senohrad'),
  (2175, 16, 'Sereď'),
  (2176, 33, 'Šiatorská Bukovinka'),
  (2177, 4, 'Šiba'),
  (2178, 33, 'Šíd'),
  (2179, 79, 'Sielnica'),
  (2180, 39, 'Sihelné'),
  (2181, 10, 'Sihla'),
  (2182, 30, 'Sikenica'),
  (2183, 42, 'Sikenička'),
  (2184, 18, 'Siladice'),
  (2185, 54, 'Silica'),
  (2186, 54, 'Silická Brezová'),
  (2187, 54, 'Silická Jablonica'),
  (2188, 53, 'Šimonovce'),
  (2189, 49, 'Šindliar'),
  (2190, 16, 'Šintava'),
  (2191, 1, 'Šípkov'),
  (2192, 45, 'Šípkové'),
  (2193, 73, 'Širákov'),
  (2194, 52, 'Sirk'),
  (2195, 53, 'Širkovce'),
  (2196, 68, 'Sirník'),
  (2197, 49, 'Široké'),
  (2198, 1, 'Šišov'),
  (2199, 52, 'Šivetice'),
  (2200, 43, 'Skačany'),
  (2201, 60, 'Skalica'),
  (2202, 12, 'Skalité'),
  (2203, 69, 'Skalka nad Váhom'),
  (2204, 23, 'Skároš'),
  (2205, 52, 'Skerešovo'),
  (2206, 35, 'Sklabiňa'),
  (2207, 73, 'Sklabiná'),
  (2208, 35, 'Sklabinský Podzámok'),
  (2209, 71, 'Sklené'),
  (2210, 76, 'Sklené Teplice'),
  (2211, 74, 'Skrabské'),
  (2212, 78, 'Skýcov'),
  (2213, 16, 'Sládkovičovo'),
  (2214, 23, 'Slančík'),
  (2215, 23, 'Slanec'),
  (2216, 23, 'Slanská Huta'),
  (2217, 23, 'Slanské Nové Mesto'),
  (2218, 76, 'Slaská'),
  (2219, 30, 'Slatina'),
  (2220, 1, 'Slatina nad Bebravou'),
  (2221, 1, 'Slatinka nad Bebravou'),
  (2222, 13, 'Slatinské Lazy'),
  (2223, 63, 'Slatvina'),
  (2224, 54, 'Slavec'),
  (2225, 37, 'Slavkovce'),
  (2226, 20, 'Slavnica'),
  (2227, 54, 'Slavoška'),
  (2228, 54, 'Slavošovce'),
  (2229, 78, 'Sľažany'),
  (2230, 78, 'Slepčany'),
  (2231, 79, 'Sliač'),
  (2232, 37, 'Sliepkovce'),
  (2233, 68, 'Slivník'),
  (2234, 53, 'Slizké'),
  (2235, 48, 'Slopná'),
  (2236, 35, 'Slovany'),
  (2237, 74, 'Slovenská Kajňa'),
  (2238, 2, 'Slovenská Ľupča'),
  (2239, 70, 'Slovenská Nová Ves'),
  (2240, 21, 'Slovenská Ves'),
  (2241, 19, 'Slovenská Volová'),
  (2242, 73, 'Slovenské Ďarmoty'),
  (2243, 73, 'Slovenské Kľačany'),
  (2244, 19, 'Slovenské Krivé'),
  (2245, 68, 'Slovenské Nové Mesto'),
  (2246, 71, 'Slovenské Pravno'),
  (2247, 44, 'Slovenský Grob'),
  (2248, 63, 'Slovinky'),
  (2249, 61, 'Šmigovec'),
  (2250, 4, 'Smilno'),
  (2251, 63, 'Smižany'),
  (2252, 70, 'Smolenice'),
  (2253, 59, 'Smolinské'),
  (2254, 17, 'Smolnícka Huta'),
  (2255, 17, 'Smolník'),
  (2256, 59, 'Smrdáky'),
  (2257, 32, 'Smrečany'),
  (2258, 4, 'Snakov'),
  (2259, 29, 'Snežnica'),
  (2260, 61, 'Snina'),
  (2261, 69, 'Soblahov'),
  (2262, 66, 'Soboš'),
  (2263, 59, 'Sobotište'),
  (2264, 62, 'Sobrance'),
  (2265, 35, 'Socovce'),
  (2266, 23, 'Sokoľ'),
  (2267, 23, 'Sokoľany'),
  (2268, 22, 'Sokolce'),
  (2269, 45, 'Sokolovce'),
  (2270, 74, 'Soľ'),
  (2271, 67, 'Solčany'),
  (2272, 67, 'Solčianky'),
  (2273, 68, 'Soľnička'),
  (2274, 65, 'Soľník'),
  (2275, 34, 'Sološnica'),
  (2276, 46, 'Šoltýska'),
  (2277, 68, 'Somotor'),
  (2278, 19, 'Sopkovce'),
  (2279, 16, 'Šoporňa'),
  (2280, 70, 'Špačince'),
  (2281, 2, 'Špania Dolina'),
  (2282, 53, 'Španie Pole'),
  (2283, 21, 'Spišská Belá'),
  (2284, 63, 'Spišská Nová Ves'),
  (2285, 21, 'Spišská Stará Ves'),
  (2286, 47, 'Spišská Teplica'),
  (2287, 47, 'Spišské Bystré'),
  (2288, 21, 'Spišské Hanušovce'),
  (2289, 31, 'Spišské Podhradie'),
  (2290, 63, 'Spišské Tomášovce'),
  (2291, 63, 'Spišské Vlachy'),
  (2292, 31, 'Spišský Hrhov'),
  (2293, 63, 'Spišský Hrušov'),
  (2294, 47, 'Spišský Štiavnik'),
  (2295, 31, 'Spišský Štvrtok'),
  (2296, 22, 'Šrobárová'),
  (2297, 61, 'Stakčín'),
  (2298, 61, 'Stakčínska Roztoka'),
  (2299, 68, 'Stanča'),
  (2300, 55, 'Stankovany'),
  (2301, 68, 'Stankovce'),
  (2302, 53, 'Stará Bašta'),
  (2303, 12, 'Stará Bystrica'),
  (2304, 33, 'Stará Halič'),
  (2305, 13, 'Stará Huta'),
  (2306, 76, 'Stará Kremnička'),
  (2307, 41, 'Stará Lehota'),
  (2308, 21, 'Stará Lesná'),
  (2309, 64, 'Stará Ľubovňa'),
  (2310, 38, 'Stará Myjava'),
  (2311, 41, 'Stará Turá'),
  (2312, 17, 'Stará Voda'),
  (2313, 37, 'Staré'),
  (2314, 2, 'Staré Hory'),
  (2315, 64, 'Starina'),
  (2316, 30, 'Starý Hrádok'),
  (2317, 30, 'Starý Tekov'),
  (2318, 12, 'Staškov'),
  (2319, 65, 'Staškovce'),
  (2320, 4, 'Stebnícka Huta'),
  (2321, 4, 'Stebník'),
  (2322, 59, 'Štefanov'),
  (2323, 72, 'Štefanov nad Oravou'),
  (2324, 44, 'Štefanová'),
  (2325, 49, 'Štefanovce'),
  (2326, 74, 'Štefanovce'),
  (2327, 66, 'Štefurov'),
  (2328, 45, 'Šterusy'),
  (2329, 55, 'Štiavnička'),
  (2330, 3, 'Štiavnické Bane'),
  (2331, 11, 'Štiavnik'),
  (2332, 54, 'Štítnik'),
  (2333, 47, 'Štôla'),
  (2334, 23, 'Štós'),
  (2335, 13, 'Stožok'),
  (2336, 64, 'Stráňany'),
  (2337, 77, 'Stráňavy'),
  (2338, 21, 'Stráne pod Tatrami'),
  (2339, 53, 'Stránska'),
  (2340, 77, 'Stránske'),
  (2341, 54, 'Stratená'),
  (2342, 77, 'Stráža'),
  (2343, 68, 'Strážne'),
  (2344, 37, 'Strážske'),
  (2345, 47, 'Štrba'),
  (2346, 77, 'Strečno'),
  (2347, 68, 'Streda nad Bodrogom'),
  (2348, 73, 'Stredné Plachtince'),
  (2349, 42, 'Strekov'),
  (2350, 2, 'Strelníky'),
  (2351, 37, 'Stretava'),
  (2352, 37, 'Stretavka'),
  (2353, 51, 'Streženice'),
  (2354, 61, 'Strihovce'),
  (2355, 53, 'Štrkovec'),
  (2356, 66, 'Stročín'),
  (2357, 65, 'Stropkov'),
  (2358, 53, 'Studená'),
  (2359, 31, 'Studenec'),
  (2360, 34, 'Studienka'),
  (2361, 4, 'Stuľany'),
  (2362, 34, 'Stupava'),
  (2363, 48, 'Stupné'),
  (2364, 42, 'Štúrovo'),
  (2365, 69, 'Štvrtok'),
  (2366, 15, 'Štvrtok na Ostrove'),
  (2367, 35, 'Sučany'),
  (2368, 49, 'Suchá Dolina'),
  (2369, 72, 'Suchá Hora'),
  (2370, 70, 'Suchá nad Parnou'),
  (2371, 73, 'Sucháň'),
  (2372, 37, 'Suché'),
  (2373, 73, 'Suché Brezovo'),
  (2374, 34, 'Suchohrad'),
  (2375, 28, 'Sudince'),
  (2376, 28, 'Súdovce'),
  (2377, 36, 'Sukov'),
  (2378, 73, 'Šuľa'),
  (2379, 64, 'Sulín'),
  (2380, 11, 'Súľov-Hradná'),
  (2381, 67, 'Súlovce'),
  (2382, 10, 'Šumiac'),
  (2383, 47, 'Šuňava'),
  (2384, 42, 'Šurany'),
  (2385, 40, 'Šurianky'),
  (2386, 33, 'Šurice'),
  (2387, 70, 'Šúrovce'),
  (2388, 46, 'Sušany'),
  (2389, 53, 'Sútor'),
  (2390, 50, 'Šútovce'),
  (2391, 35, 'Šútovo'),
  (2392, 47, 'Švábovce'),
  (2393, 68, 'Svätá Mária'),
  (2394, 40, 'Svätoplukovo'),
  (2395, 62, 'Svätuš'),
  (2396, 68, 'Svätuše'),
  (2397, 3, 'Svätý Anton'),
  (2398, 44, 'Svätý Jur'),
  (2399, 32, 'Svätý Kríž'),
  (2400, 22, 'Svätý Peter'),
  (2401, 77, 'Svederník'),
  (2402, 17, 'Švedlár'),
  (2403, 48, 'Sverepec'),
  (2404, 4, 'Sveržov'),
  (2405, 36, 'Svetlice'),
  (2406, 66, 'Svidnička'),
  (2407, 66, 'Svidník'),
  (2408, 49, 'Svinia'),
  (2409, 23, 'Svinica'),
  (2410, 68, 'Svinice'),
  (2411, 69, 'Svinná'),
  (2412, 47, 'Svit'),
  (2413, 42, 'Svodín'),
  (2414, 55, 'Švošov'),
  (2415, 67, 'Svrbice'),
  (2416, 12, 'Svrčinovec'),
  (2417, 53, 'Tachty'),
  (2418, 40, 'Tajná'),
  (2419, 2, 'Tajov'),
  (2420, 39, 'Ťapešovo'),
  (2421, 4, 'Tarnov'),
  (2422, 62, 'Tašuľa'),
  (2423, 47, 'Tatranská Javorina'),
  (2424, 30, 'Tehla'),
  (2425, 18, 'Tekolďany'),
  (2426, 75, 'Tekovská Breznica'),
  (2427, 30, 'Tekovské Lužany'),
  (2428, 78, 'Tekovské Nemce'),
  (2429, 30, 'Tekovský Hrádok'),
  (2430, 10, 'Telgárt'),
  (2431, 40, 'Telince'),
  (2432, 50, 'Temeš'),
  (2433, 63, 'Teplička'),
  (2434, 77, 'Teplička nad Váhom'),
  (2435, 18, 'Tepličky'),
  (2436, 53, 'Teplý Vrch'),
  (2437, 28, 'Terany'),
  (2438, 77, 'Terchová'),
  (2439, 49, 'Teriakovce'),
  (2440, 49, 'Terňa'),
  (2441, 67, 'Tesáre'),
  (2442, 78, 'Tesárske Mlyňany'),
  (2443, 57, 'Tešedíkovo'),
  (2444, 62, 'Tibava'),
  (2445, 56, 'Tichý Potok'),
  (2446, 1, 'Timoradza'),
  (2447, 65, 'Tisinec'),
  (2448, 53, 'Tisovec'),
  (2449, 30, 'Tlmače'),
  (2450, 33, 'Točnica'),
  (2451, 65, 'Tokajík'),
  (2452, 16, 'Tomášikovo'),
  (2453, 58, 'Tomášov'),
  (2454, 53, 'Tomášovce'),
  (2455, 33, 'Tomášovce'),
  (2456, 22, 'Tôň'),
  (2457, 61, 'Topoľa'),
  (2458, 67, 'Topoľčany'),
  (2459, 78, 'Topoľčianky'),
  (2460, 16, 'Topoľnica'),
  (2461, 15, 'Topoľníky'),
  (2462, 19, 'Topoľovka'),
  (2463, 21, 'Toporec'),
  (2464, 52, 'Tornaľa'),
  (2465, 56, 'Torysa'),
  (2466, 31, 'Torysky'),
  (2467, 74, 'Tovarné'),
  (2468, 74, 'Tovarnianska Polianka'),
  (2469, 67, 'Tovarníky'),
  (2470, 18, 'Trakovice'),
  (2471, 42, 'Trávnica'),
  (2472, 22, 'Trávnik'),
  (2473, 45, 'Trebatice'),
  (2474, 23, 'Trebejov'),
  (2475, 33, 'Trebeľovce'),
  (2476, 1, 'Trebichava'),
  (2477, 68, 'Trebišov'),
  (2478, 35, 'Trebostovo'),
  (2479, 73, 'Trebušovce'),
  (2480, 33, 'Trenč'),
  (2481, 69, 'Trenčianska Teplá'),
  (2482, 69, 'Trenčianska Turná'),
  (2483, 41, 'Trenčianske Bohuslavice'),
  (2484, 69, 'Trenčianske Jastrabie'),
  (2485, 69, 'Trenčianske Mitice'),
  (2486, 69, 'Trenčianske Stankovce'),
  (2487, 69, 'Trenčianske Teplice'),
  (2488, 69, 'Trenčín'),
  (2489, 15, 'Trhová Hradská'),
  (2490, 37, 'Trhovište'),
  (2491, 70, 'Trnava'),
  (2492, 76, 'Trnavá Hora'),
  (2493, 37, 'Trnava pri Laborci'),
  (2494, 68, 'Trnávka'),
  (2495, 15, 'Trnávka'),
  (2496, 79, 'Tŕnie'),
  (2497, 49, 'Trnkov'),
  (2498, 60, 'Trnovec'),
  (2499, 57, 'Trnovec nad Váhom'),
  (2500, 35, 'Trnovo'),
  (2501, 4, 'Tročany'),
  (2502, 28, 'Trpín'),
  (2503, 23, 'Trsťany'),
  (2504, 72, 'Trstená'),
  (2505, 15, 'Trstená na Ostrove'),
  (2506, 32, 'Trstené'),
  (2507, 23, 'Trstené pri Hornáde'),
  (2508, 16, 'Trstice'),
  (2509, 70, 'Trstín'),
  (2510, 20, 'Tuchyňa'),
  (2511, 33, 'Tuhár'),
  (2512, 49, 'Tuhrina'),
  (2513, 49, 'Tulčík'),
  (2514, 30, 'Tupá'),
  (2515, 30, 'Turá'),
  (2516, 35, 'Turany'),
  (2517, 65, 'Turany nad Ondavou'),
  (2518, 71, 'Turček'),
  (2519, 43, 'Turčianky'),
  (2520, 35, 'Turčianska Štiavnička'),
  (2521, 35, 'Turčianske Jaseno'),
  (2522, 35, 'Turčianske Kľačany'),
  (2523, 71, 'Turčianske Teplice'),
  (2524, 35, 'Turčiansky Ďur'),
  (2525, 35, 'Turčiansky Peter'),
  (2526, 52, 'Turčok'),
  (2527, 19, 'Turcovce'),
  (2528, 2, 'Turecká'),
  (2529, 58, 'Tureň'),
  (2530, 77, 'Turie'),
  (2531, 55, 'Turík'),
  (2532, 23, 'Turňa nad Bodvou'),
  (2533, 23, 'Turnianska Nová Ves'),
  (2534, 79, 'Turová'),
  (2535, 12, 'Turzovka'),
  (2536, 37, 'Tušice'),
  (2537, 37, 'Tušická Nová Ves'),
  (2538, 50, 'Tužina'),
  (2539, 21, 'Tvarožná'),
  (2540, 67, 'Tvrdomestice'),
  (2541, 72, 'Tvrdošín'),
  (2542, 42, 'Tvrdošovce'),
  (2543, 61, 'Ubľa'),
  (2544, 62, 'Úbrež'),
  (2545, 19, 'Udavské'),
  (2546, 48, 'Udiča'),
  (2547, 64, 'Údol'),
  (2548, 30, 'Uhliská'),
  (2549, 17, 'Úhorná'),
  (2550, 32, 'Uhorská Ves'),
  (2551, 46, 'Uhorské'),
  (2552, 1, 'Uhrovec'),
  (2553, 1, 'Uhrovské Podhradie'),
  (2554, 42, 'Úľany nad Žitavou'),
  (2555, 61, 'Ulič'),
  (2556, 61, 'Uličské Krivé'),
  (2557, 31, 'Uloža'),
  (2558, 28, 'Uňatín'),
  (2559, 60, 'Unín'),
  (2560, 67, 'Urmince'),
  (2561, 56, 'Uzovce'),
  (2562, 53, 'Uzovská Panica'),
  (2563, 56, 'Uzovské Pekľany'),
  (2564, 56, 'Uzovský Šalgov'),
  (2565, 41, 'Vaďovce'),
  (2566, 66, 'Vagrinec'),
  (2567, 16, 'Váhovce'),
  (2568, 23, 'Vajkovce'),
  (2569, 23, 'Valaliky'),
  (2570, 10, 'Valaská'),
  (2571, 50, 'Valaská Belá'),
  (2572, 55, 'Valaská Dubová'),
  (2573, 19, 'Valaškovce (vojenský obvod)'),
  (2574, 35, 'Valča'),
  (2575, 36, 'Valentovce'),
  (2576, 53, 'Valice'),
  (2577, 66, 'Valkovce'),
  (2578, 10, 'Vaľkovňa'),
  (2579, 4, 'Vaniškovce'),
  (2580, 66, 'Vápeník'),
  (2581, 4, 'Varadka'),
  (2582, 65, 'Varechovce'),
  (2583, 49, 'Varhaňovce'),
  (2584, 77, 'Varín'),
  (2585, 39, 'Vasiľov'),
  (2586, 39, 'Vavrečka'),
  (2587, 74, 'Vavrinec'),
  (2588, 32, 'Vavrišovo'),
  (2589, 32, 'Važec'),
  (2590, 53, 'Včelince'),
  (2591, 53, 'Večelkov'),
  (2592, 74, 'Vechec'),
  (2593, 68, 'Veľaty'),
  (2594, 78, 'Velčice'),
  (2595, 14, 'Veličná'),
  (2596, 73, 'Veľká Čalomija'),
  (2597, 50, 'Veľká Čausa'),
  (2598, 77, 'Veľká Čierna'),
  (2599, 40, 'Veľká Dolina'),
  (2600, 21, 'Veľká Franková'),
  (2601, 69, 'Veľká Hradná'),
  (2602, 23, 'Veľká Ida'),
  (2603, 75, 'Veľká Lehota'),
  (2604, 64, 'Veľká Lesná'),
  (2605, 23, 'Veľká Lodina'),
  (2606, 21, 'Veľká Lomnica'),
  (2607, 79, 'Veľká Lúka'),
  (2608, 16, 'Veľká Mača'),
  (2609, 33, 'Veľká nad Ipľom'),
  (2610, 15, 'Veľká Paka'),
  (2611, 68, 'Veľká Tŕňa'),
  (2612, 46, 'Veľká Ves'),
  (2613, 73, 'Veľká Ves nad Ipľom'),
  (2614, 69, 'Veľké Bierovce'),
  (2615, 15, 'Veľké Blahovo'),
  (2616, 32, 'Veľké Borové'),
  (2617, 1, 'Veľké Chlievany'),
  (2618, 40, 'Veľké Chyndice'),
  (2619, 33, 'Veľké Dravce'),
  (2620, 1, 'Veľké Držkovce'),
  (2621, 67, 'Veľké Dvorany'),
  (2622, 15, 'Veľké Dvorníky'),
  (2623, 1, 'Veľké Hoste'),
  (2624, 37, 'Veľké Kapušany'),
  (2625, 22, 'Veľké Kosihy'),
  (2626, 45, 'Veľké Kostoľany'),
  (2627, 30, 'Veľké Kozmálovce'),
  (2628, 43, 'Veľké Kršteňany'),
  (2629, 34, 'Veľké Leváre'),
  (2630, 42, 'Veľké Lovce'),
  (2631, 30, 'Veľké Ludince'),
  (2632, 45, 'Veľké Orvište'),
  (2633, 68, 'Veľké Ozorovce'),
  (2634, 75, 'Veľké Pole'),
  (2635, 37, 'Veľké Raškovce'),
  (2636, 62, 'Veľké Revištia'),
  (2637, 67, 'Veľké Ripňany'),
  (2638, 11, 'Veľké Rovné'),
  (2639, 37, 'Veľké Slemence'),
  (2640, 73, 'Veľké Straciny'),
  (2641, 53, 'Veľké Teriakovce'),
  (2642, 68, 'Veľké Trakany'),
  (2643, 30, 'Veľké Turovce'),
  (2644, 43, 'Veľké Uherce'),
  (2645, 16, 'Veľké Úľany'),
  (2646, 78, 'Veľké Vozokany'),
  (2647, 40, 'Veľké Zálužie'),
  (2648, 73, 'Veľké Zlievce'),
  (2649, 65, 'Veľkrop'),
  (2650, 58, 'Veľký Biel'),
  (2651, 53, 'Veľký Blh'),
  (2652, 71, 'Veľký Čepčín'),
  (2653, 40, 'Veľký Cetín'),
  (2654, 30, 'Veľký Ďur'),
  (2655, 17, 'Veľký Folkmar'),
  (2656, 16, 'Veľký Grob'),
  (2657, 68, 'Veľký Horeš'),
  (2658, 68, 'Veľký Kamenec'),
  (2659, 43, 'Veľký Klíž'),
  (2660, 73, 'Veľký Krtíš'),
  (2661, 42, 'Veľký Kýr'),
  (2662, 40, 'Veľký Lapáš'),
  (2663, 64, 'Veľký Lipník'),
  (2664, 73, 'Veľký Lom'),
  (2665, 15, 'Veľký Meder'),
  (2666, 49, 'Veľký Šariš'),
  (2667, 47, 'Veľký Slavkov'),
  (2668, 49, 'Veľký Slivník'),
  (2669, 19, 'Veľopolie'),
  (2670, 67, 'Velušovce'),
  (2671, 47, 'Vernár'),
  (2672, 45, 'Veselé'),
  (2673, 32, 'Veterná Poruba'),
  (2674, 33, 'Vidiná'),
  (2675, 73, 'Vieska'),
  (2676, 15, 'Vieska'),
  (2677, 53, 'Vieska nad Blhom'),
  (2678, 78, 'Vieska nad Žitavou'),
  (2679, 13, 'Vígľaš'),
  (2680, 13, 'Vígľašská Huta-Kalinka'),
  (2681, 47, 'Vikartovce'),
  (2682, 73, 'Vinica'),
  (2683, 68, 'Viničky'),
  (2684, 44, 'Viničné'),
  (2685, 37, 'Vinné'),
  (2686, 40, 'Vinodol'),
  (2687, 16, 'Vinohrady nad Váhom'),
  (2688, 44, 'Vinosady'),
  (2689, 64, 'Vislanka'),
  (2690, 65, 'Vislava'),
  (2691, 68, 'Višňov'),
  (2692, 77, 'Višňové'),
  (2693, 41, 'Višňové'),
  (2694, 52, 'Višňové'),
  (2695, 51, 'Visolaje'),
  (2696, 44, 'Vištuk'),
  (2697, 72, 'Vitanová'),
  (2698, 49, 'Víťaz'),
  (2699, 19, 'Víťazovce'),
  (2700, 63, 'Vítkovce'),
  (2701, 74, 'Vlača'),
  (2702, 54, 'Vlachovo'),
  (2703, 32, 'Vlachy'),
  (2704, 65, 'Vladiča'),
  (2705, 57, 'Vlčany'),
  (2706, 70, 'Vlčkovce'),
  (2707, 2, 'Vlkanová'),
  (2708, 42, 'Vlkas'),
  (2709, 21, 'Vlková'),
  (2710, 21, 'Vlkovce'),
  (2711, 58, 'Vlky'),
  (2712, 53, 'Vlkyňa'),
  (2713, 70, 'Voderady'),
  (2714, 37, 'Vojany'),
  (2715, 68, 'Vojčice'),
  (2716, 68, 'Vojka'),
  (2717, 15, 'Vojka nad Dunajom'),
  (2718, 63, 'Vojkovce'),
  (2719, 21, 'Vojňany'),
  (2720, 62, 'Vojnatina'),
  (2721, 65, 'Vojtovce'),
  (2722, 37, 'Voľa'),
  (2723, 36, 'Volica'),
  (2724, 78, 'Volkovce'),
  (2725, 75, 'Voznica'),
  (2726, 16, 'Vozokany'),
  (2727, 67, 'Vozokany'),
  (2728, 40, 'Vráble'),
  (2729, 60, 'Vrádište'),
  (2730, 15, 'Vrakúň'),
  (2731, 74, 'Vranov nad Topľou'),
  (2732, 37, 'Vrbnica'),
  (2733, 21, 'Vrbov'),
  (2734, 22, 'Vrbová nad Váhom'),
  (2735, 38, 'Vrbovce'),
  (2736, 45, 'Vrbové'),
  (2737, 73, 'Vrbovka'),
  (2738, 48, 'Vrchteplá'),
  (2739, 35, 'Vrícko'),
  (2740, 20, 'Vršatské Podhradie'),
  (2741, 35, 'Vrútky'),
  (2742, 23, 'Vtáčkovce'),
  (2743, 21, 'Výborná'),
  (2744, 40, 'Výčapy-Opatovce'),
  (2745, 32, 'Východná'),
  (2746, 15, 'Vydrany'),
  (2747, 51, 'Vydrná'),
  (2748, 47, 'Vydrník'),
  (2749, 76, 'Vyhne'),
  (2750, 36, 'Výrava'),
  (2751, 65, 'Vyškovce'),
  (2752, 30, 'Vyškovce nad Ipľom'),
  (2753, 32, 'Vyšná Boca'),
  (2754, 23, 'Vyšná Hutka'),
  (2755, 19, 'Vyšná Jablonka'),
  (2756, 66, 'Vyšná Jedľová'),
  (2757, 23, 'Vyšná Kamenica'),
  (2758, 23, 'Vyšná Myšľa'),
  (2759, 65, 'Vyšná Olšava'),
  (2760, 66, 'Vyšná Pisaná'),
  (2761, 4, 'Vyšná Polianka'),
  (2762, 62, 'Vyšná Rybnica'),
  (2763, 49, 'Vyšná Šebastová'),
  (2764, 19, 'Vyšná Sitnica'),
  (2765, 54, 'Vyšná Slaná'),
  (2766, 4, 'Vyšná Voľa'),
  (2767, 19, 'Vyšné Ladičkovce'),
  (2768, 30, 'Vyšné nad Hronom'),
  (2769, 62, 'Vyšné Nemecké'),
  (2770, 62, 'Vyšné Remety'),
  (2771, 31, 'Vyšné Repaše'),
  (2772, 64, 'Vyšné Ružbachy'),
  (2773, 53, 'Vyšné Valice'),
  (2774, 23, 'Vyšný Čaj'),
  (2775, 65, 'Vyšný Hrabovec'),
  (2776, 19, 'Vyšný Hrušov'),
  (2777, 74, 'Vyšný Kazimír'),
  (2778, 23, 'Vyšný Klátov'),
  (2779, 66, 'Vyšný Komárnik'),
  (2780, 4, 'Vyšný Kručov'),
  (2781, 14, 'Vyšný Kubín'),
  (2782, 66, 'Vyšný Mirošov'),
  (2783, 66, 'Vyšný Orlík'),
  (2784, 53, 'Vyšný Skálnik'),
  (2785, 31, 'Vyšný Slavkov'),
  (2786, 4, 'Vyšný Tvarožec'),
  (2787, 74, 'Vyšný Žipov'),
  (2788, 1, 'Vysočany'),
  (2789, 56, 'Vysoká'),
  (2790, 3, 'Vysoká'),
  (2791, 12, 'Vysoká nad Kysucou'),
  (2792, 37, 'Vysoká nad Uhom'),
  (2793, 34, 'Vysoká pri Morave'),
  (2794, 47, 'Vysoké Tatry'),
  (2795, 72, 'Zábiedovo'),
  (2796, 35, 'Žabokreky'),
  (2797, 43, 'Žabokreky nad Nitrou'),
  (2798, 35, 'Záborie'),
  (2799, 49, 'Záborské'),
  (2800, 53, 'Zacharovce'),
  (2801, 23, 'Zádiel'),
  (2802, 53, 'Zádor'),
  (2803, 62, 'Záhor'),
  (2804, 73, 'Záhorce'),
  (2805, 34, 'Záhorská Ves'),
  (2806, 49, 'Záhradné'),
  (2807, 39, 'Zákamenné'),
  (2808, 17, 'Žakarovce'),
  (2809, 12, 'Zákopčie'),
  (2810, 21, 'Žakovce'),
  (2811, 30, 'Zalaba'),
  (2812, 21, 'Zálesie 2'),
  (2813, 58, 'Zálesie'),
  (2814, 74, 'Žalobín'),
  (2815, 37, 'Zalužice'),
  (2816, 69, 'Zamarovce'),
  (2817, 74, 'Zámutov'),
  (2818, 51, 'Záriečie'),
  (2819, 23, 'Žarnov'),
  (2820, 75, 'Žarnovica'),
  (2821, 48, 'Záskalie'),
  (2822, 14, 'Žaškov'),
  (2823, 68, 'Zatín'),
  (2824, 67, 'Závada'),
  (2825, 73, 'Závada'),
  (2826, 19, 'Závada'),
  (2827, 19, 'Závadka'),
  (2828, 37, 'Závadka'),
  (2829, 17, 'Závadka'),
  (2830, 10, 'Závadka nad Hronom'),
  (2831, 70, 'Zavar'),
  (2832, 32, 'Závažná Poruba'),
  (2833, 34, 'Závod'),
  (2834, 14, 'Zázrivá'),
  (2835, 68, 'Zbehňov'),
  (2836, 40, 'Zbehy'),
  (2837, 37, 'Žbince'),
  (2838, 61, 'Zboj'),
  (2839, 36, 'Zbojné'),
  (2840, 4, 'Zborov'),
  (2841, 12, 'Zborov nad Bystricou'),
  (2842, 30, 'Zbrojníky'),
  (2843, 36, 'Zbudská Belá'),
  (2844, 19, 'Zbudské Dlhé'),
  (2845, 37, 'Zbudza'),
  (2846, 77, 'Zbyňov'),
  (2847, 23, 'Ždaňa'),
  (2848, 47, 'Ždiar'),
  (2849, 49, 'Žehňa'),
  (2850, 63, 'Žehra'),
  (2851, 70, 'Zeleneč'),
  (2852, 79, 'Železná Breznica'),
  (2853, 66, 'Železník'),
  (2854, 30, 'Želiezovce'),
  (2855, 66, 'Želmanovce'),
  (2856, 73, 'Želovce'),
  (2857, 30, 'Žemberovce'),
  (2858, 22, 'Zemianska Olča'),
  (2859, 50, 'Zemianske Kostoľany'),
  (2860, 41, 'Zemianske Podhradie'),
  (2861, 16, 'Zemianske Sady'),
  (2862, 28, 'Zemiansky Vrbovok'),
  (2863, 30, 'Žemliare'),
  (2864, 42, 'Zemné'),
  (2865, 68, 'Zemplín'),
  (2866, 68, 'Zemplínska Nová Ves'),
  (2867, 37, 'Zemplínska Široká'),
  (2868, 68, 'Zemplínska Teplica'),
  (2869, 61, 'Zemplínske Hámre'),
  (2870, 68, 'Zemplínske Hradište'),
  (2871, 68, 'Zemplínske Jastrabie'),
  (2872, 37, 'Zemplínske Kopčany'),
  (2873, 68, 'Zemplínsky Branč'),
  (2874, 52, 'Žiar'),
  (2875, 32, 'Žiar'),
  (2876, 76, 'Žiar nad Hronom'),
  (2877, 28, 'Žibritov'),
  (2878, 57, 'Žihárec'),
  (2879, 78, 'Žikava'),
  (2880, 77, 'Žilina'),
  (2881, 53, 'Žíp'),
  (2882, 49, 'Žipov'),
  (2883, 40, 'Žirany'),
  (2884, 40, 'Žitavce'),
  (2885, 1, 'Žitná-Radiša'),
  (2886, 49, 'Zlatá Baňa'),
  (2887, 23, 'Zlatá Idka'),
  (2888, 4, 'Zlaté'),
  (2889, 15, 'Zlaté Klasy'),
  (2890, 78, 'Zlaté Moravce'),
  (2891, 22, 'Zlatná na Ostrove'),
  (2892, 74, 'Zlatník'),
  (2893, 1, 'Zlatníky'),
  (2894, 78, 'Zlatno'),
  (2895, 20, 'Zliechov'),
  (2896, 18, 'Žlkovce'),
  (2897, 34, 'Zohor'),
  (2898, 73, 'Zombor'),
  (2899, 51, 'Zubák'),
  (2900, 72, 'Zuberec'),
  (2901, 19, 'Zubné'),
  (2902, 39, 'Zubrohlava'),
  (2903, 49, 'Župčany'),
  (2904, 75, 'Župkov'),
  (2905, 79, 'Zvolen'),
  (2906, 79, 'Zvolenská Slatina'),
  (2907, 70, 'Zvončín'),
  (2908, 32, 'Dovalovo'),
  (2910, 10, 'Valaská - Piesok'),
  (2911, 79, 'Budička'),
  (2912, 10, 'Lopej'),
  (2913, 7, 'Bratislava - Nové Mesto'),
  (2914, 32, 'Iľanovo');

-- Exportování struktury pro tabulka gmspider.okres
CREATE TABLE IF NOT EXISTS `okres` (
  `id` int(10) unsigned NOT NULL AUTO_INCREMENT,
  `kraj_id` int(10) unsigned NOT NULL,
  `nazov` varchar(255) DEFAULT NULL,
  PRIMARY KEY (`id`),
  KEY `okres_FKIndex1` (`kraj_id`)
) ENGINE=InnoDB AUTO_INCREMENT=157 DEFAULT CHARSET=utf8;

-- Exportování dat pro tabulku gmspider.okres: ~156 rows (přibližně)
INSERT INTO `okres` (`id`, `kraj_id`, `nazov`) VALUES
  (1, 6, 'Bánovce nad Bebravou'),
  (2, 1, 'Banská Bystrica'),
  (3, 1, 'Banská Štiavnica'),
  (4, 5, 'Bardejov'),
  (5, 2, 'Bratislava I'),
  (6, 2, 'Bratislava II'),
  (7, 2, 'Bratislava III'),
  (8, 2, 'Bratislava IV'),
  (9, 2, 'Bratislava V'),
  (10, 1, 'Brezno'),
  (11, 8, 'Bytča'),
  (12, 8, 'Čadca'),
  (13, 1, 'Detva'),
  (14, 8, 'Dolný Kubín'),
  (15, 7, 'Dunajská Streda'),
  (16, 7, 'Galanta'),
  (17, 3, 'Gelnica'),
  (18, 7, 'Hlohovec'),
  (19, 5, 'Humenné'),
  (20, 6, 'Ilava'),
  (21, 5, 'Kežmarok'),
  (22, 4, 'Komárno'),
  (23, 3, 'Košice - okolie'),
  (24, 3, 'Košice I'),
  (25, 3, 'Košice II'),
  (26, 3, 'Košice III'),
  (27, 3, 'Košice IV'),
  (28, 1, 'Krupina'),
  (29, 8, 'Kysucké Nové Mesto'),
  (30, 4, 'Levice'),
  (31, 5, 'Levoča'),
  (32, 8, 'Liptovský Mikuláš'),
  (33, 1, 'Lučenec'),
  (34, 2, 'Malacky'),
  (35, 8, 'Martin'),
  (36, 5, 'Medzilaborce'),
  (37, 3, 'Michalovce'),
  (38, 6, 'Myjava'),
  (39, 8, 'Námestovo'),
  (40, 4, 'Nitra'),
  (41, 6, 'Nové Mesto nad Váhom'),
  (42, 4, 'Nové Zámky'),
  (43, 6, 'Partizánske'),
  (44, 2, 'Pezinok'),
  (45, 7, 'Piešťany'),
  (46, 1, 'Poltár'),
  (47, 5, 'Poprad'),
  (48, 6, 'Považská Bystrica'),
  (49, 5, 'Prešov'),
  (50, 6, 'Prievidza'),
  (51, 6, 'Púchov'),
  (52, 1, 'Revúca'),
  (53, 1, 'Rimavská Sobota'),
  (54, 3, 'Rožňava'),
  (55, 8, 'Ružomberok'),
  (56, 5, 'Sabinov'),
  (57, 4, 'Šaľa'),
  (58, 2, 'Senec'),
  (59, 7, 'Senica'),
  (60, 7, 'Skalica'),
  (61, 5, 'Snina'),
  (62, 3, 'Sobrance'),
  (63, 3, 'Spišská Nová Ves'),
  (64, 5, 'Stará Ľubovňa'),
  (65, 5, 'Stropkov'),
  (66, 5, 'Svidník'),
  (67, 4, 'Topoľčany'),
  (68, 3, 'Trebišov'),
  (69, 6, 'Trenčín'),
  (70, 7, 'Trnava'),
  (71, 8, 'Turčianske Teplice'),
  (72, 8, 'Tvrdošín'),
  (73, 1, 'Veľký Krtíš'),
  (74, 5, 'Vranov nad Topľou'),
  (75, 1, 'Žarnovica'),
  (76, 1, 'Žiar nad Hronom'),
  (77, 8, 'Žilina'),
  (78, 4, 'Zlaté Moravce'),
  (79, 1, 'Zvolen');


ALTER TABLE `obchodny_partner`
  ADD COLUMN `obec_id` INT NULL DEFAULT NULL AFTER `obec`;
UPDATE `form_element` SET `form_element_type_id`='5', `db_column`='obec_id', `db_multi_table`='obec', `css_class`='select2' WHERE  `id`=26003;

/*1*/ UPDATE `form_element` SET `direct_multi_label`='1' WHERE  `id`=26003;
/*2*/ UPDATE `form_element` SET `add_empty_option`='1' WHERE  `id`=26003;
/*3*/ update obchodny_partner AS op
  LEFT JOIN obec AS o ON o.nazov = op.obec
SET op.obec_id = o.id;

/*1*/ INSERT INTO `form_element` (`id`, `form_group_id`, `form_element_type_id`, `db_table`, `db_column`, `db_multi_table`, `column_title`, `position`, `direct_to_db`, `direct_multi_label`) VALUES ('103', '26000', '5', 'obchodny_partner', 'pravna_forma_id', 'pravna_forma', 'Právna forma', '160', '1', '1');
/*2*/ UPDATE `form_element` SET `css_class`='select2' WHERE  `id`=26000;
/*3*/ UPDATE `form_element` SET `css_class`='select2' WHERE  `id`=103;
/*4*/ UPDATE `form_element` SET `css_class`=NULL WHERE  `id`=26001;
/*5*/ UPDATE `form_element` SET `css_class`='select2' WHERE  `id`=26001;
/*6*/ UPDATE `form_element` SET `css_class`=NULL WHERE  `id`=26000;
/*7*/ UPDATE `form_element` SET `add_empty_option`='1' WHERE  `id`=103;
/*8*/ UPDATE `form_element` SET `position`='125' WHERE  `id`=103;
/*9*/ UPDATE `form_element` SET `column_title`='Oficiálny korešpondenčný email' WHERE  `id`=102;

/*1*/ ALTER TABLE `osoba`
  ADD COLUMN `funkcia_id` INT NULL DEFAULT NULL AFTER `posielat_notifikacie`,
  ADD COLUMN `poznamka` TEXT NULL DEFAULT NULL AFTER `funkcia_id`;
/*2*/ INSERT INTO `form_element` (`id`, `form_group_id`, `form_element_type_id`, `db_table`, `db_column`, `column_title`, `position`, `direct_to_db`, `css_class`, `direct_multi_label`) VALUES ('104', '26200', '5', 'osoba', 'funkcia_osoby_id', 'Funkcia', '75', '1', 'select2', '1');
/*3*/ UPDATE `form_element` SET `add_empty_option`='1' WHERE  `id`=104;
/*4*/ ALTER TABLE `osoba`
  CHANGE COLUMN `funkcia_id` `funkcia_osoby_id` INT(11) NULL DEFAULT NULL AFTER `posielat_notifikacie`;
/*5*/ CREATE TABLE `funkcia_osoby` (
  `id` INT NOT NULL AUTO_INCREMENT,
  `nazov` VARCHAR(50) NOT NULL,
  PRIMARY KEY (`id`)
)
  COLLATE='utf8_general_ci'
;
/*6*/ INSERT INTO `funkcia_osoby` (`id`, `nazov`) VALUES ('1', 'konateľ');
/*7*/ INSERT INTO `funkcia_osoby` (`id`, `nazov`) VALUES ('2', 'ekonóm');
/*8*/ INSERT INTO `funkcia_osoby` (`id`, `nazov`) VALUES ('3', 'zodpovedný za BOZP');
/*9*/ UPDATE `form_element` SET `db_multi_table`='funkcia_osoby' WHERE  `id`=104;
/*10*/ INSERT INTO `form_element` (`id`, `form_group_id`, `form_element_type_id`, `db_table`, `db_column`, `column_title`) VALUES ('105', '26200', '2', 'osoba', 'poznamka', 'Poznámka');
/*11*/ UPDATE `form_element` SET `position`='120', `direct_to_db`='1' WHERE  `id`=105;

UPDATE `form_element` SET `db_column`='sk_nace_popis' WHERE  `id`=97;

/*2*/ UPDATE `form_element` SET `form_element_type_id`='1' WHERE  `id`=100;
/*3*/ ALTER TABLE `obchodny_partner`
  CHANGE COLUMN `datum_prvej_spoluprace` `datum_prvej_spoluprace` INT NULL DEFAULT NULL AFTER `poznamka`;

/*227*/ DELETE FROM `gmspider`.`form_element` WHERE  `id`=98;
/*228*/ UPDATE `gmspider`.`form_element` SET `form_group_id`='1' WHERE  `id`=99;